NOAA style reports

NOAA-style Climate Reports

Select NOAA data to display

Select a Year or Month report

Report for 2019 Feb





                            MONTHLY CLIMATOLOGICAL SUMMARY for FEB. 2019

NAME: DW8463   CITY: Zumbrota STATE: Minnesota
ELEV: 978 ft LAT: 044:18:07 LONG: 0092:40:30

                            TEMPERATURE ( F), RAIN (in.), WIND SPEED (mph)

                                               HEAT     COOL           AVG
      MEAN                                     DEG      DEG            WIND                       DOM
DAY   TEMP    HIGH   TIME     LOW    TIME      DAYS     DAYS    RAIN   SPEED    HIGH    TIME      DIR
--------------------------------------------------------------------------------------------------------
01    08.1   017.4   00:00   -02.0   00:02     56.9     00.0   00.00   02.2     17.3    15:43     SSE
02    30.6   038.8   20:12    17.5   00:12     34.3     00.0   00.00   00.3     11.5    11:41     SSW
03    36.9   039.2   11:45    33.9   22:09     28.1     00.0   00.06   00.0     04.6    13:47      SW
04    18.9   035.9   01:26    04.5   23:59     46.0     00.0   00.10   05.7     25.3    08:07     WNW
05    09.6   015.2   00:00    03.4   03:00     55.4     00.0   00.29   01.6     12.7    10:03      N 
06    18.6   021.7   23:36    15.2   00:06     46.4     00.0   00.16   00.9     10.3    12:50     NNW
07    12.1   021.8   02:15   -04.3   00:00     52.9     00.0   00.16   03.5     25.3    21:36     WNW
08   -07.5   -000.0   13:43   -15.8   22:51     72.4     00.0   00.00   03.1     18.4    01:56      W 
09   -03.3   010.8   17:28   -21.5   07:39     68.3     00.0   00.00   00.9     12.7    17:03     ESE
10    16.1   021.0   16:21    08.2   00:58     48.8     00.0   00.20   00.6     11.5    12:06     ENE
11    22.3   026.2   14:09    18.6   01:11     42.7     00.0   00.03   02.3     16.1    14:44      E 
12    21.6   024.9   14:25    08.9   00:00     43.4     00.0   00.21   05.8     21.9    18:45      NW
13    12.0   020.5   22:40    04.0   07:07     52.9     00.0   00.00   02.1     16.1    04:08     WSW
14    18.0   028.4   13:02    00.6   00:00     46.9     00.0   00.00   04.8     26.4    16:41      NW
15    00.3   009.8   14:13   -07.1   00:00     64.7     00.0   00.00   03.3     17.3    00:03     WNW
16    05.3   020.4   15:15   -10.5   06:29     59.7     00.0   00.00   00.3     08.1    15:44     ENE
17    19.3   024.1   15:20    12.1   00:04     45.6     00.0   00.04   03.5     18.4    13:22      NE
18    08.6   019.5   14:01   -05.2   00:00     56.3     00.0   00.00   00.7     10.3    15:28      NW
19    04.5   020.5   14:15   -13.5   07:10     60.4     00.0   00.00   00.1     09.2    16:20     NNW
20    22.9   030.8   15:39    12.8   23:55     42.1     00.0   00.40   02.9     21.9    19:57      SE
21    10.1   018.2   14:43    01.8   21:14     54.9     00.0   00.00   01.0     13.8    00:08     WSW
22    19.3   029.2   15:32    01.7   00:57     45.6     00.0   00.00   00.4     10.3    19:43      SE
23    29.6   032.6   13:39    26.8   03:42     35.3     00.0   00.29   02.6     19.6    23:58     NNE
24    14.5   029.6   00:18   -01.5   00:00     50.5     00.0   00.09   10.9     35.6    13:41     WNW
25   -00.7   004.9   15:14   -06.2   22:26     65.6     00.0   00.00   02.9     17.3    04:34      NW
26    04.7   008.8   16:54   -02.3   00:01     60.3     00.0   00.00   01.7     11.5    17:08     ENE
27    05.8   013.0   12:57   -08.4   00:00     59.2     00.0   00.00   02.6     17.3    14:31     WNW
28    04.6   018.3   15:16   -10.9   01:18     60.3     00.0   00.00   00.6     11.5    15:01     WSW
--------------------------------------------------------------------------------------------------------
12.9 (11.8)   39.2  day 03    -21.5  day 09   1455.7    000.0   02.03   02.4     35.7   day 24      NW
Max <=  32: 24
Min <=  86: 28
Min <=   0: 13
Max <= 23: 17
Min <=  23: 26
Max <=  14: 6
Min <=  14: 23
Max <=   5: 2
Min <=   5: 19
Min <=   0: 13
Min <=  -4: 10
Min <= -13: 3
Max Rain: 0.40 ON 20-02-19
Days of Rain: 12 (> .008in) 9 (> .08in) 0 (> 0.8in)