NOAA style reports

NOAA-style Climate Reports

Select NOAA data to display

Select a Year or Month report

Report for 2019 Jan





                            MONTHLY CLIMATOLOGICAL SUMMARY for JAN. 2019

NAME: DW8463   CITY: Zumbrota STATE: Minnesota
ELEV: 978 ft LAT: 044:18:07 LONG: 0092:40:30

                            TEMPERATURE ( F), RAIN (in.), WIND SPEED (mph)

                                               HEAT     COOL           AVG
      MEAN                                     DEG      DEG            WIND                       DOM
DAY   TEMP    HIGH   TIME     LOW    TIME      DAYS     DAYS    RAIN   SPEED    HIGH    TIME      DIR
--------------------------------------------------------------------------------------------------------
01    08.7   016.9   00:05    04.6   23:17     56.3     00.0   00.00   03.5     20.7    00:16     NNW
02    17.6   024.6   19:35    05.0   01:08     47.3     00.0   00.00   01.8     19.6    11:57      SW
03    29.7   039.5   16:11    16.3   04:27     35.2     00.0   00.00   00.5     14.9    11:18      SW
04    32.9   043.8   13:35    24.9   08:27     32.0     00.0   00.00   00.1     11.5    00:53      W 
05    33.9   046.1   13:02    26.5   02:47     31.0     00.0   00.00   01.5     19.6    13:18     WNW
06    31.7   037.0   21:56    24.5   02:20     33.2     00.0   00.00   05.3     34.5    23:27      SE
07    37.6   042.0   07:34    31.9   00:00     27.3     00.0   00.00   03.4     24.1    14:32      SW
08    25.9   036.2   03:42    12.3   00:00     39.0     00.0   00.00   08.7     39.1    13:37     WNW
09    11.4   016.0   15:18    07.5   08:09     53.6     00.0   00.00   06.9     25.3    02:58      NW
10    17.8   025.7   14:46    09.9   00:11     47.1     00.0   00.00   01.0     11.5    16:02     ESE
11    24.2   033.4   14:46    17.6   03:40     40.7     00.0   00.00   00.2     06.9    15:52     SSE
12    27.7   031.5   16:24    22.4   02:24     37.3     00.0   00.00   00.8     10.3    14:43      E 
13    28.5   033.5   14:52    22.3   21:29     36.4     00.0   00.00   00.3     09.2    09:30      S 
14    28.4   030.9   13:17    24.8   02:48     36.5     00.0   00.00   00.6     12.7    08:42      W 
15    29.7   033.5   15:13    26.6   00:00     35.3     00.0   00.00   03.5     19.6    19:53      W 
16    17.8   026.6   00:02    09.9   08:25     47.2     00.0   00.00   02.3     17.3    00:27      N 
17    20.4   024.2   13:52    13.4   20:41     44.5     00.0   00.02   01.3     12.7    14:26     WNW
18    11.0   013.7   00:04    06.8   04:59     53.9     00.0   00.11   03.2     16.1    20:31     NNE
19    02.7   009.5   14:33   -09.4   23:25     62.2     00.0   00.01   02.7     14.9    01:47     NNW
20   -05.3   005.6   13:48   -16.4   00:00     70.3     00.0   00.00   00.3     09.2    12:19     NNE
21    02.8   015.4   19:13   -16.5   04:07     62.1     00.0   00.00   04.1     26.4    20:32      SE
22    16.2   019.2   15:45    10.5   00:00     48.8     00.0   00.00   01.0     19.6    01:07     ESE
23    14.1   021.5   13:25    06.8   20:36     50.8     00.0   00.00   00.5     11.5    14:51      W 
24    07.2   019.4   03:14   -09.0   00:00     57.8     00.0   00.00   06.7     28.8    14:09     WNW
25   -08.5   002.9   14:13   -17.1   06:31     73.4     00.0   00.00   00.2     06.9    14:51     WNW
26   -02.5   010.2   15:49   -18.1   03:13     67.4     00.0   00.01   00.6     10.3    19:10     WNW
27   -05.0   005.9   14:37   -21.8   08:07     69.9     00.0   00.12   02.5     18.4    19:38      SE
28    05.7   010.8   13:20   -02.1   00:00     59.2     00.0   00.03   05.8     19.6    20:26     NNW
29   -10.2   -002.2   00:02   -24.8   00:00     75.1     00.0   00.00   05.6     31.1    14:28      NW
30   -22.1   -014.6   14:03   -28.2   23:48     87.1     00.0   00.00   02.0     11.5    15:34      W 
31   -16.8   -002.2   23:37   -33.5   09:24     81.8     00.0   00.00   01.4     12.7    17:19      SE
--------------------------------------------------------------------------------------------------------
13.3 (12.6)   46.1  day 05    -33.5  day 31   1599.8    000.0   00.30   02.5     39.1   day 08     WNW
Max <=  32: 22
Min <=  86: 31
Min <=   0: 11
Max <= 23: 16
Min <=  23: 25
Max <=  14: 10
Min <=  14: 21
Max <=   5: 4
Min <=   5: 13
Min <=   0: 11
Max <=  -4: 1
Min <=  -4: 10
Max <= -13: 1
Min <= -13: 8
Max Rain: 0.12 ON 27-01-19
Days of Rain: 6 (> .008in) 2 (> .08in) 0 (> 0.8in)