NOAA style reports

NOAA-style Climate Reports

Select NOAA data to display

Select a Year or Month report

Report for 2018 Nov





                            MONTHLY CLIMATOLOGICAL SUMMARY for NOV. 2018

NAME: DW8463   CITY: Zumbrota STATE: Minnesota
ELEV: 978 ft LAT: 044:18:07 LONG: 0092:40:30

                            TEMPERATURE ( F), RAIN (in.), WIND SPEED (mph)

                                               HEAT     COOL           AVG
      MEAN                                     DEG      DEG            WIND                       DOM
DAY   TEMP    HIGH   TIME     LOW    TIME      DAYS     DAYS    RAIN   SPEED    HIGH    TIME      DIR
--------------------------------------------------------------------------------------------------------
01    37.3   051.9   14:26    25.9   08:32     27.7     00.0   00.00   00.2     08.1    16:21     NNW
02    38.1   047.3   14:14    31.1   08:11     26.9     00.0   00.00   00.8     13.8    11:17     NNE
03    38.2   046.6   12:55    31.6   01:53     26.8     00.0   00.21   01.4     12.7    16:05     ESE
04    36.4   037.8   15:54    34.2   07:17     28.6     00.0   00.44   01.6     12.7    00:00      NE
05    40.9   045.2   11:25    36.4   01:47     24.0     00.0   00.21   00.6     12.7    12:12     SSE
06    36.5   041.5   00:15    30.3   00:00     28.5     00.0   00.19   04.7     27.6    14:51     WNW
07    29.7   032.0   05:03    26.1   00:00     35.2     00.0   00.00   06.4     26.4    08:15     WNW
08    24.6   027.0   14:34    21.7   07:46     40.4     00.0   00.00   01.1     11.5    10:45     WNW
09    19.6   023.4   00:34    13.4   23:58     45.3     00.0   00.05   05.2     23.0    18:46     WNW
10    16.6   023.2   00:00    05.1   07:31     48.3     00.0   00.00   01.8     12.7    21:42      SW
11    26.5   030.7   11:18    22.8   00:00     38.5     00.0   00.00   03.3     19.6    12:14      W 
12    19.4   022.8   00:22    15.7   18:26     45.5     00.0   00.00   04.6     21.9    14:04      NW
13    13.5   021.0   14:55    06.0   07:46     51.5     00.0   00.00   01.9     12.7    12:58     WNW
14    27.1   042.6   13:59    11.4   00:01     37.8     00.0   00.00   02.1     19.6    21:28     SSW
15    34.9   043.2   14:04    27.0   07:17     30.1     00.0   00.02   03.3     21.9    10:57     SSW
16    30.2   035.7   00:26    28.1   11:23     34.8     00.0   00.04   03.6     26.4    04:50      NW
17    20.2   028.8   00:09    07.7   00:00     44.7     00.0   00.00   02.7     17.3    08:44     NNW
18    14.0   024.4   15:16    00.3   06:36     51.0     00.0   00.00   01.0     14.9    12:36      SW
19    24.3   028.0   13:04    20.9   00:00     40.6     00.0   00.00   03.7     18.4    13:02     NNW
20    23.8   031.4   22:03    15.2   08:15     41.1     00.0   00.00   01.3     17.3    12:07     WSW
21    27.0   031.6   00:53    23.1   20:26     38.0     00.0   00.00   02.2     12.7    23:13     ENE
22    31.7   038.5   14:48    25.4   00:25     33.3     00.0   00.00   04.5     20.7    04:20      SE
23    41.0   044.9   13:16    37.5   00:12     23.9     00.0   00.09   02.2     19.6    14:33      S 
24    35.4   040.1   00:35    29.4   00:00     29.6     00.0   00.00   03.7     18.4    16:33      NW
25    26.0   029.5   00:03    17.8   00:00     38.9     00.0   00.00   07.4     21.9    21:33     NNW
26    18.1   021.5   14:29    14.7   00:00     46.8     00.0   00.00   06.8     19.6    07:35     NNW
27    18.5   024.6   18:21    11.0   07:02     46.4     00.0   00.00   03.8     18.4    11:20     WNW
28    20.8   028.0   12:55    11.3   06:12     44.1     00.0   00.04   01.6     12.7    20:16     SSE
29    27.8   030.5   15:43    23.9   04:17     37.2     00.0   00.00   00.5     13.8    12:48      S 
30    30.4   031.6   15:48    28.8   23:37     34.6     00.0   00.00   00.4     10.3    23:36     SSE
--------------------------------------------------------------------------------------------------------
27.6 (27.3)   51.9  day 01     00.3  day 18   1120.1    000.0   01.29   02.8     27.6   day 09     WNW
Max <=  32: 18
Min <=  86: 30
Max <= 23: 3
Min <=  23: 15
Min <=   5: 1
Max Rain: 0.44 ON 4-11-18
Days of Rain: 9 (> .008in) 5 (> .08in) 0 (> 0.8in)