NOAA style reports

NOAA-style Climate Reports

Select NOAA data to display

Select a Year or Month report

Report for 2018 Aug





                            MONTHLY CLIMATOLOGICAL SUMMARY for AUG. 2018

NAME: DW8463   CITY: Zumbrota STATE: Minnesota
ELEV: 978 ft LAT: 044:18:07 LONG: 0092:40:30

                            TEMPERATURE ( F), RAIN (in.), WIND SPEED (mph)

                                               HEAT     COOL           AVG
      MEAN                                     DEG      DEG            WIND                       DOM
DAY   TEMP    HIGH   TIME     LOW    TIME      DAYS     DAYS    RAIN   SPEED    HIGH    TIME      DIR
--------------------------------------------------------------------------------------------------------
01    66.2   080.2   14:36    57.5   04:39     00.0     01.2   00.17   01.9     19.6    17:45      NW
02    61.8   072.6   17:40    55.7   00:00     03.2     00.0   00.00   01.0     14.9    02:56     NNW
03    69.6   084.8   17:38    54.1   02:08     00.0     04.7   00.05   01.4     20.7    22:52     SSE
04    72.8   075.9   16:38    69.4   14:10     00.0     07.8   00.22   01.0     19.6    14:50      S 
05    74.4   082.4   13:49    67.3   05:36     00.0     09.5   00.00   00.9     26.4    06:19      SW
06    72.5   082.1   16:20    66.3   00:00     00.0     07.6   00.00   00.5     12.7    16:20      NW
07    66.6   073.2   10:57    59.4   06:40     00.0     01.7   00.06   00.2     12.7    14:49     NNW
08    72.3   086.3   16:11    55.2   06:43     00.0     07.3   00.01   00.6     16.1    14:55      S 
09    76.2   087.7   15:24    65.2   07:11     00.0     11.3   00.00   00.9     18.4    02:42      NW
10    73.5   087.2   15:25    60.7   06:47     00.0     08.5   00.00   00.5     11.5    13:16      NW
11    72.3   087.2   15:06    57.6   06:29     00.0     07.4   00.00   00.1     08.1    15:27      NW
12    72.9   086.3   15:52    58.8   06:13     00.0     07.9   00.00   00.3     11.5    13:24      SW
13    74.5   088.8   14:39    61.1   06:07     00.0     09.6   00.00   00.5     14.9    15:38      S 
14    75.2   090.6   14:59    62.6   06:22     00.0     10.3   00.00   00.2     11.5    15:40     SSW
15    75.1   087.7   16:22    65.3   03:43     00.0     10.1   00.00   00.9     12.7    16:27     NNW
16    72.0   083.1   11:19    65.8   06:40     00.0     07.1   00.00   00.4     14.9    13:59      NW
17    71.8   082.6   13:36    62.8   00:00     00.0     06.8   00.00   00.7     11.5    16:49      NW
18    68.0   083.7   16:13    55.9   06:42     00.0     03.0   00.00   00.2     06.9    14:14      E 
19    71.1   085.6   14:31    57.5   06:10     00.0     06.1   00.00   00.4     11.5    16:30      SE
20    69.0   077.1   13:42    61.8   00:00     00.0     04.0   00.05   00.9     13.8    17:46      NE
21    63.3   072.2   15:56    51.9   00:00     01.7     00.0   00.00   02.1     17.3    17:29     NNW
22    63.0   079.9   15:22    47.7   06:21     02.0     00.0   00.00   00.8     13.8    15:15     WNW
23    65.6   079.8   14:21    48.7   06:51     00.0     00.7   00.00   00.9     19.6    14:02     SSW
24    67.2   073.7   16:56    63.8   07:35     00.0     02.3   01.18   00.6     16.1    01:22     SSE
25    67.5   076.0   16:48    61.7   23:57     00.0     02.6   00.00   00.1     06.9    13:16     WSW
26    71.3   080.0   17:43    60.1   02:14     00.0     06.3   00.01   00.6     19.6    18:10      S 
27    75.6   085.2   15:36    67.9   00:00     00.0     10.7   00.46   01.3     33.4    17:43      S 
28    64.3   069.0   12:07    57.9   00:00     00.7     00.0   00.18   00.4     13.8    13:06     NNW
29    58.8   069.3   16:19    50.6   00:00     06.1     00.0   00.00   00.5     11.5    13:18      NW
30    63.3   076.0   17:07    48.6   02:54     01.7     00.0   00.00   01.0     17.3    11:04     SSE
--------------------------------------------------------------------------------------------------------
69.6 (70.1)   90.6  day 14     47.7  day 22   015.3    154.5   01.65   00.7     33.4   day 27      W 
Max >=  86: 8
Min <=  86: 30
Max Rain: 1.18 ON 24-08-18
Days of Rain: 10 (> .008in) 5 (> .08in) 1 (> 0.8in)