NOAA style reports

NOAA-style Climate Reports

Select NOAA data to display

Select a Year or Month report

Report for 2018 Jul





                            MONTHLY CLIMATOLOGICAL SUMMARY for JUL. 2018

NAME: DW8463   CITY: Zumbrota STATE: Minnesota
ELEV: 978 ft LAT: 044:18:07 LONG: 0092:40:30

                            TEMPERATURE ( F), RAIN (in.), WIND SPEED (mph)

                                               HEAT     COOL           AVG
      MEAN                                     DEG      DEG            WIND                       DOM
DAY   TEMP    HIGH   TIME     LOW    TIME      DAYS     DAYS    RAIN   SPEED    HIGH    TIME      DIR
--------------------------------------------------------------------------------------------------------
01    67.6   072.6   15:01    58.4   00:00     00.0     02.6   00.25   02.8     24.1    16:39     WNW
02    72.6   084.6   15:52    57.7   04:23     00.0     07.7   00.00   01.4     16.1    17:10     SSW
03    74.2   085.5   17:13    64.7   06:06     00.0     09.3   00.00   01.4     24.1    17:49     SSE
04    75.1   088.6   11:06    69.5   22:50     00.0     10.2   00.16   01.0     21.9    10:19     SSE
05    74.2   081.3   16:59    32.0   03:45     00.0     09.3   00.00   03.1     19.6    16:25     NNW
06    68.5   079.9   16:43    54.2   05:51     00.0     03.6   00.00   00.6     11.5    14:01     ESE
07    70.8   080.7   16:12    58.7   05:54     00.0     05.9   00.00   01.6     19.6    17:27      S 
08    74.5   086.4   16:14    62.1   02:59     00.0     09.5   00.00   01.6     18.4    17:22      S 
09    76.0   087.2   16:47    67.5   04:12     00.0     11.0   00.02   00.7     11.5    17:15      NW
10    71.7   083.7   17:57    59.9   06:21     00.0     06.7   00.00   00.2     11.5    14:03      NE
11    75.5   088.9   15:07    60.3   04:02     00.0     10.6   00.00   01.7     20.7    16:57     SSE
12    80.1   092.9   17:07    70.2   00:00     00.0     15.2   00.48   02.0     41.4    19:20      SW
13    72.8   080.2   12:08    66.7   00:00     00.0     07.9   00.16   00.7     19.6    01:58     NNE
14    74.2   085.7   16:53    63.4   05:07     00.0     09.3   00.00   00.4     10.3    14:37      E 
15    76.7   086.4   14:29    66.3   06:34     00.0     11.8   00.00   00.6     10.3    18:54     WNW
16    72.9   082.5   17:31    60.6   06:33     00.0     08.0   00.00   01.6     16.1    15:17     WNW
17    68.9   078.9   17:22    58.3   06:23     00.0     03.9   00.00   00.5     11.5    12:02      N 
18    68.9   081.3   16:47    53.7   06:18     00.0     03.9   00.00   00.3     11.5    12:32      E 
19    65.6   070.2   08:47    61.6   03:57     00.0     00.7   00.41   01.7     24.1    11:34      SE
20    68.6   079.1   14:45    64.6   06:51     00.0     03.6   00.15   04.5     26.4    14:33     NNW
21    70.5   080.1   15:00    63.1   06:45     00.0     05.5   00.00   02.9     18.4    15:13     NNW
22    69.4   080.6   16:37    59.9   05:00     00.0     04.5   00.00   01.1     13.8    13:31     NNE
23    71.4   082.5   15:06    58.0   06:15     00.0     06.4   00.00   01.2     12.7    15:04      NW
24    71.0   081.5   16:56    59.1   06:43     00.0     06.0   00.00   01.8     18.4    16:12      NW
25    69.1   081.0   15:57    57.8   06:26     00.0     04.1   00.00   01.0     19.6    19:42     WNW
26    62.2   070.2   16:23    54.9   06:26     02.7     00.0   00.01   02.6     23.0    17:07     WNW
27    65.4   076.2   16:41    53.8   06:36     00.0     00.5   00.01   01.2     13.8    14:19      NW
28    65.3   078.5   16:55    50.8   06:12     00.0     00.4   00.00   00.2     11.5    11:18     WNW
29    67.0   081.5   16:28    52.5   06:36     00.0     02.0   00.00   00.2     14.9    19:01      NW
30    69.1   083.4   16:20    54.7   06:47     00.0     04.2   00.00   00.7     12.7    14:44      NW
31    69.7   084.2   14:42    54.7   06:35     00.0     04.8   00.00   00.6     12.7    18:06     WNW
--------------------------------------------------------------------------------------------------------
71.0 (70.4)   92.9  day 12     32.0  day 05   002.7    189.2   00.00   01.4     41.4   day 12      NW
Max >=  86: 6
Min <=  86: 31
Max Rain: 0.48 ON 12-07-18
Days of Rain: 9 (> .008in) 6 (> .08in) 0 (> 0.8in)