NOAA style reports

NOAA-style Climate Reports

Select NOAA data to display

Select a Year or Month report

Report for 2018 Jun





                            MONTHLY CLIMATOLOGICAL SUMMARY for JUN. 2018

NAME: DW8463   CITY: Zumbrota STATE: Minnesota
ELEV: 978 ft LAT: 044:18:07 LONG: 0092:40:30

                            TEMPERATURE ( F), RAIN (in.), WIND SPEED (mph)

                                               HEAT     COOL           AVG
      MEAN                                     DEG      DEG            WIND                       DOM
DAY   TEMP    HIGH   TIME     LOW    TIME      DAYS     DAYS    RAIN   SPEED    HIGH    TIME      DIR
--------------------------------------------------------------------------------------------------------
01    71.3   080.1   14:21    61.2   05:58     00.0     06.4   00.00   02.9     18.4    16:22     ENE
02    66.3   074.3   16:18    60.7   00:00     00.0     01.3   00.00   03.4     19.6    09:20     SSE
03    60.6   068.7   17:43    53.2   00:00     04.3     00.0   00.00   05.6     28.8    13:35      NW
04    68.1   085.3   18:19    46.1   05:54     00.0     03.2   00.00   02.4     21.9    15:10      W 
05    70.5   079.7   17:38    59.8   05:48     00.0     05.5   00.00   02.0     16.1    00:02      E 
06    69.3   082.8   14:27    61.1   00:00     00.0     04.4   00.10   02.2     18.4    07:44     NNE
07    68.8   080.3   14:30    57.1   06:05     00.0     03.8   00.00   01.1     11.5    18:09      NE
08    66.7   073.8   16:57    62.7   05:46     00.0     01.8   00.11   02.4     20.7    13:22     ESE
09    67.0   077.4   10:54    60.6   04:30     00.0     02.0   01.44   01.5     40.3    13:34      E 
10    67.5   073.5   17:37    63.4   06:47     00.0     02.6   00.01   02.8     19.6    13:53      E 
11    68.0   075.5   16:07    60.1   04:11     00.0     03.0   00.00   02.7     23.0    14:10     ESE
12    70.9   078.5   17:14    65.3   05:46     00.0     06.0   00.01   00.6     14.9    23:21      W 
13    66.9   077.5   16:30    52.8   05:21     00.0     02.0   00.00   01.8     16.1    12:41     WNW
14    67.9   078.4   15:50    56.8   06:04     00.0     03.0   00.00   02.9     19.6    18:59     SSE
15    75.0   089.6   13:51    65.6   03:17     00.0     10.1   00.24   02.3     21.9    14:14     SSE
16    77.8   088.3   17:07    71.1   10:42     00.0     12.9   00.61   01.9     19.6    23:54     SSE
17    82.6   092.1   16:46    73.2   00:00     00.0     17.7   00.38   02.7     21.9    18:19     SSW
18    72.3   074.9   14:14    70.8   00:00     00.0     07.4   00.59   01.2     19.6    02:52     NNE
19    64.3   070.8   00:07    61.8   10:19     00.7     00.0   00.54   02.2     17.3    12:37      E 
20    66.5   072.9   15:14    63.4   05:57     00.0     01.6   00.15   01.7     17.3    13:58      E 
21    63.8   069.5   14:57    59.4   08:29     01.1     00.0   00.46   02.0     17.3    11:52      E 
22    68.1   079.4   16:19    57.7   03:50     00.0     03.1   00.00   00.3     08.1    15:36      NE
23    69.1   078.8   14:47    56.7   06:17     00.0     04.1   00.00   00.3     09.2    10:06      N 
24    71.1   082.1   14:49    58.9   06:07     00.0     06.1   00.00   00.6     12.7    15:33      SE
25    72.0   080.0   13:16    64.1   03:53     00.0     07.1   00.00   03.0     21.9    11:29     ESE
26    67.8   074.5   17:26    63.6   04:59     00.0     02.9   00.63   01.4     12.7    08:13     ENE
27    71.1   079.4   17:37    64.6   00:00     00.0     06.2   00.00   00.6     10.3    09:41      NW
28    73.9   084.7   16:24    58.9   05:51     00.0     09.0   00.00   01.2     16.1    22:56     SSE
29    83.3   094.3   16:12    71.6   05:36     00.0     18.3   00.00   03.4     25.3    15:28      S 
30    79.3   090.4   13:27    66.8   23:37     00.0     14.4   00.50   02.4     20.7    01:12     SSW
--------------------------------------------------------------------------------------------------------
70.3 (70.6)   94.3  day 29     46.1  day 04   006.1    165.8   05.77   02.1     40.3   day 03     ESE
Max >=  86: 5
Min <=  86: 30
Max Rain: 1.44 ON 9-06-18
Days of Rain: 14 (> .008in) 12 (> .08in) 1 (> 0.8in)