NOAA style reports

NOAA-style Climate Reports

Select NOAA data to display

Select a Year or Month report

Report for 2018 May





                            MONTHLY CLIMATOLOGICAL SUMMARY for MAY. 2018

NAME: DW8463   CITY: Zumbrota STATE: Minnesota
ELEV: 978 ft LAT: 044:18:07 LONG: 0092:40:30

                            TEMPERATURE ( F), RAIN (in.), WIND SPEED (mph)

                                               HEAT     COOL           AVG
      MEAN                                     DEG      DEG            WIND                       DOM
DAY   TEMP    HIGH   TIME     LOW    TIME      DAYS     DAYS    RAIN   SPEED    HIGH    TIME      DIR
--------------------------------------------------------------------------------------------------------
01    65.9   075.0   13:58    58.6   07:53     00.0     01.0   00.13   03.8     24.1    12:39     SSW
02    58.5   065.0   13:25    52.1   07:50     06.4     00.0   00.08   02.7     16.1    11:53     WNW
03    59.9   072.9   13:52    46.1   06:11     05.0     00.0   00.18   00.8     11.5    16:27     NNE
04    61.9   075.9   16:48    49.1   07:01     03.0     00.0   00.07   04.1     26.4    13:33     WNW
05    65.6   080.7   15:21    48.3   06:22     00.0     00.7   00.02   02.2     19.6    19:40      SW
06    61.6   074.9   16:29    47.7   04:29     03.4     00.0   00.00   03.0     24.1    14:44     NNE
07    66.2   084.5   14:50    44.8   05:37     00.0     01.3   00.00   02.4     20.7    10:23     WSW
08    63.0   072.0   09:15    57.8   19:15     01.9     00.0   00.58   02.3     17.3    23:47      S 
09    57.5   062.7   17:58    50.2   00:00     07.5     00.0   00.59   01.9     20.7    02:57      NW
10    52.3   059.9   15:21    45.3   04:22     12.6     00.0   00.00   03.3     18.4    15:28     NNW
11    44.0   049.4   01:50    39.1   09:44     20.9     00.0   00.45   03.7     21.9    09:54     ENE
12    50.8   059.5   13:40    43.2   02:58     14.1     00.0   00.01   02.5     18.4    12:00      E 
13    53.4   065.3   17:26    42.8   05:12     11.5     00.0   00.01   00.7     11.5    17:24      SE
14    59.2   071.2   14:16    48.5   06:13     05.7     00.0   00.35   00.8     18.4    10:50      SW
15    63.2   076.4   18:11    50.9   05:17     01.8     00.0   00.01   01.2     12.7    09:09      N 
16    66.1   083.6   17:21    44.5   05:51     00.0     01.2   00.00   01.1     13.8    11:55      W 
17    70.0   085.6   16:10    51.7   05:15     00.0     05.1   00.00   02.0     18.4    18:40      SE
18    68.4   081.3   15:53    52.4   06:23     00.0     03.4   00.00   03.6     21.9    17:52      SE
19    60.0   067.1   00:47    50.8   22:55     04.9     00.0   00.00   03.9     21.9    18:33      N 
20    56.1   069.2   17:59    47.6   07:14     08.8     00.0   00.00   02.8     17.3    02:49     ENE
21    57.1   061.3   12:39    54.3   00:00     07.8     00.0   00.24   01.4     13.8    08:38     ESE
22    61.8   073.2   18:21    53.2   05:41     03.1     00.0   00.01   00.5     11.5    14:30     SSE
23    69.2   081.5   17:28    56.4   03:15     00.0     04.2   00.00   01.0     12.7    19:07     SSE
24    76.2   089.1   16:51    65.7   06:05     00.0     11.3   00.11   02.6     28.8    15:25      S 
25    73.6   087.4   18:00    61.9   00:00     00.0     08.7   00.24   02.1     19.6    09:53     SSW
26    76.2   092.6   16:55    61.2   05:42     00.0     11.2   00.01   00.9     12.7    14:31      W 
27    77.6   094.7   16:32    58.9   06:04     00.0     12.7   00.00   00.7     11.5    18:38      NE
28    81.4   096.0   15:23    69.4   01:31     00.0     16.5   00.05   02.1     19.6    16:28      S 
29    72.0   091.1   13:22    63.1   05:59     00.0     07.1   00.87   01.3     31.1    14:21     ESE
30    68.8   076.8   17:14    65.0   00:00     00.0     03.9   00.15   00.6     14.9    04:55      NE
31    72.7   084.3   17:45    62.7   01:48     00.0     07.8   00.00   01.2     14.9    14:01     WNW
--------------------------------------------------------------------------------------------------------
64.2 (64.6)   96.0  day 28     39.1  day 11   118.4    096.0   04.17   02.0     31.1   day 04      SE
Max >=  86: 6
Min <=  86: 31
Max Rain: 0.87 ON 29-05-18
Days of Rain: 20 (> .008in) 11 (> .08in) 1 (> 0.8in)