NOAA style reports

NOAA-style Climate Reports

Select NOAA data to display

Select a Year or Month report

Report for 2018 Apr





                            MONTHLY CLIMATOLOGICAL SUMMARY for APR. 2018

NAME: DW8463   CITY: Zumbrota STATE: Minnesota
ELEV: 978 ft LAT: 044:18:07 LONG: 0092:40:30

                            TEMPERATURE ( F), RAIN (in.), WIND SPEED (mph)

                                               HEAT     COOL           AVG
      MEAN                                     DEG      DEG            WIND                       DOM
DAY   TEMP    HIGH   TIME     LOW    TIME      DAYS     DAYS    RAIN   SPEED    HIGH    TIME      DIR
--------------------------------------------------------------------------------------------------------
01    22.2   033.4   16:06    13.3   06:50     42.7     00.0   00.00   05.5     23.0    01:21     WNW
02    26.7   034.0   12:23    16.8   03:14     38.3     00.0   00.00   02.5     19.6    12:46      E 
03    29.3   032.5   11:59    21.9   00:00     35.6     00.0   00.44   05.8     21.9    20:06      N 
04    19.0   028.1   15:10    08.1   07:15     45.9     00.0   00.01   04.3     19.6    00:11     WNW
05    23.5   039.0   16:43    02.9   06:55     41.4     00.0   00.00   01.4     23.0    23:48      SW
06    21.0   031.5   00:04    13.5   00:00     44.0     00.0   00.00   10.2     31.1    09:36      NW
07    21.1   031.5   17:12    11.6   02:41     43.8     00.0   00.00   04.7     19.6    16:28     WNW
08    22.8   032.4   14:23    09.1   06:43     42.2     00.0   00.01   01.6     12.7    10:01     ESE
09    30.4   038.8   16:03    20.9   06:31     34.6     00.0   00.00   02.9     14.9    17:38      NW
10    32.4   038.0   18:05    27.1   02:48     32.5     00.0   00.00   02.0     18.4    14:47     SSW
11    36.8   047.9   15:52    23.7   04:58     28.1     00.0   00.06   02.0     12.7    16:09      E 
12    40.6   050.5   15:36    30.4   05:05     24.3     00.0   00.00   03.0     13.8    16:36      N 
13    37.5   040.3   15:26    32.4   00:00     27.4     00.0   00.77   07.5     32.2    19:39     ENE
14    27.3   032.4   00:15    22.8   00:00     37.6     00.0   00.67   10.2     31.1    13:14      NE
15    24.7   028.7   13:36    22.0   05:54     40.2     00.0   00.12   08.0     23.0    18:14     NNE
16    28.0   033.5   18:58    22.4   00:12     36.9     00.0   00.00   07.3     20.7    14:45      NW
17    31.5   039.3   18:02    19.2   06:15     33.5     00.0   00.00   02.6     16.1    09:31      N 
18    31.4   034.1   12:54    27.3   03:01     33.6     00.0   00.21   02.6     14.9    12:54     NNE
19    33.2   049.0   17:50    14.7   06:19     31.8     00.0   00.00   01.7     14.9    10:37     WNW
20    36.0   049.8   17:28    19.5   06:23     28.9     00.0   00.00   00.6     11.5    13:15      SW
21    41.8   055.6   14:32    29.5   01:49     23.1     00.0   00.00   00.6     13.8    14:56     WSW
22    45.3   062.3   16:02    27.9   06:38     19.6     00.0   00.00   01.2     12.7    13:21     SSE
23    49.7   068.7   16:09    30.0   06:25     15.3     00.0   00.00   00.8     10.3    15:20     ESE
24    50.5   069.4   12:57    33.6   06:44     14.4     00.0   00.00   03.5     23.0    18:45     NNW
25    45.1   059.1   17:16    30.5   06:44     19.8     00.0   00.00   01.9     12.7    02:07     NNW
26    49.7   065.5   16:01    31.5   06:43     15.2     00.0   00.00   03.9     23.0    15:26     WNW
27    48.3   064.8   13:22    31.5   04:15     16.6     00.0   00.00   06.5     33.4    14:42     NNW
28    43.3   056.5   17:29    28.1   06:24     21.6     00.0   00.00   02.1     12.7    14:00      N 
29    50.4   067.3   16:54    27.6   06:05     14.5     00.0   00.00   04.9     25.3    15:07     SSE
30    66.1   082.7   17:24    52.7   06:37     00.0     01.2   00.00   06.4     35.6    13:54      S 
--------------------------------------------------------------------------------------------------------
35.5 (35.0)   82.7  day 30     02.9  day 05   883.6    001.2   02.30   03.9     35.7   day 27     NNW
Max <=  32: 4
Min <=  86: 30
Min <=  23: 15
Min <=   5: 1
Max Rain: 0.77 ON 13-04-18
Days of Rain: 8 (> .008in) 5 (> .08in) 0 (> 0.8in)