NOAA style reports

NOAA-style Climate Reports

Select NOAA data to display

Select a Year or Month report

Report for 2018 Mar





                            MONTHLY CLIMATOLOGICAL SUMMARY for MAR. 2018

NAME: DW8463   CITY: Zumbrota STATE: Minnesota
ELEV: 978 ft LAT: 044:18:07 LONG: 0092:40:30

                            TEMPERATURE ( F), RAIN (in.), WIND SPEED (mph)

                                               HEAT     COOL           AVG
      MEAN                                     DEG      DEG            WIND                       DOM
DAY   TEMP    HIGH   TIME     LOW    TIME      DAYS     DAYS    RAIN   SPEED    HIGH    TIME      DIR
--------------------------------------------------------------------------------------------------------
01    31.5   038.4   14:09    21.5   23:57     33.5     00.0   00.00   03.1     18.4    12:47     WNW
02    28.5   042.0   15:26    11.0   07:05     36.5     00.0   00.00   00.9     14.9    15:57      SE
03    38.4   045.4   14:51    31.8   00:17     26.5     00.0   00.00   06.1     21.9    12:29      SE
04    38.8   045.5   15:17    34.0   06:13     26.2     00.0   00.08   08.4     27.6    23:45     ESE
05    33.4   037.4   02:12    28.3   22:38     31.6     00.0   00.35   11.0     35.6    11:58     ESE
06    28.5   033.1   15:40    16.6   00:00     36.4     00.0   00.08   05.0     20.7    17:19      N 
07    16.6   026.7   15:01    06.8   23:45     48.4     00.0   00.00   02.3     13.8    17:32     WNW
08    13.9   027.2   14:40    03.3   07:01     51.0     00.0   00.00   01.3     11.5    16:19     WSW
09    19.8   033.0   14:29    07.7   00:01     45.2     00.0   00.00   00.7     09.2    12:56      N 
10    27.0   035.9   15:21    11.9   02:46     37.9     00.0   00.00   01.2     12.7    13:01     ESE
11    33.0   036.9   13:56    29.6   07:15     31.9     00.0   00.01   01.7     16.1    21:48      W 
12    29.6   038.3   15:52    19.9   07:55     35.4     00.0   00.00   04.9     19.6    02:06     WNW
13    26.5   033.9   16:16    19.3   06:12     38.4     00.0   00.00   04.2     19.6    14:29      NW
14    30.1   042.4   16:33    16.0   05:17     34.9     00.0   00.00   02.1     16.1    15:03      W 
15    28.0   036.6   15:37    19.6   05:36     36.9     00.0   00.00   02.2     14.9    11:25      N 
16    29.1   038.8   17:13    20.9   06:16     35.8     00.0   00.00   03.5     18.4    09:49      E 
17    31.3   044.0   17:28    16.7   07:55     33.6     00.0   00.00   01.0     11.5    15:47     NNE
18    32.3   045.3   13:20    18.2   06:33     32.7     00.0   00.00   00.5     08.1    14:54      NW
19    37.0   041.2   12:52    33.9   03:06     28.0     00.0   00.00   03.0     17.3    15:05      NE
20    30.9   035.2   00:33    26.1   00:00     34.0     00.0   00.00   02.5     11.5    17:44      NE
21    28.2   037.0   17:28    18.5   07:10     36.8     00.0   00.00   01.0     11.5    17:41     WNW
22    33.1   041.8   16:53    24.0   00:16     31.8     00.0   00.00   01.0     11.5    15:01     NNE
23    33.1   042.2   15:55    20.8   06:00     31.8     00.0   00.00   04.2     19.6    22:40      E 
24    33.8   040.1   17:32    28.9   08:00     31.1     00.0   00.00   06.5     21.9    09:57      E 
25    35.7   043.6   15:45    26.9   07:58     29.3     00.0   00.00   05.3     19.6    16:24      SE
26    35.3   039.6   13:59    32.3   08:00     29.7     00.0   00.08   03.4     19.6    12:14     ESE
27    35.3   042.6   17:57    28.2   00:00     29.7     00.0   00.00   03.3     18.4    12:25     WNW
28    38.1   051.1   16:16    23.9   04:52     26.8     00.0   00.00   02.8     21.9    11:38      SW
29    31.5   040.1   16:33    24.7   07:24     33.4     00.0   00.00   05.7     21.9    14:25     NNW
30    32.9   042.8   17:04    20.4   06:53     32.1     00.0   00.00   02.2     21.9    13:29     WSW
31    29.5   041.8   06:05    16.1   23:37     35.4     00.0   00.06   09.8     29.9    05:42      NW
--------------------------------------------------------------------------------------------------------
30.7 (30.3)   51.1  day 28     03.3  day 08   1062.5    000.0   00.66   03.6     35.7   day 05      NE
Max <=  32: 2
Min <=  86: 31
Min <=  23: 18
Min <=   5: 1
Max Rain: 0.35 ON 5-03-18
Days of Rain: 6 (> .008in) 2 (> .08in) 0 (> 0.8in)