NOAA style reports

NOAA-style Climate Reports

Select NOAA data to display

Select a Year or Month report

Report for 2018 Feb





                            MONTHLY CLIMATOLOGICAL SUMMARY for FEB. 2018

NAME: DW8463   CITY: Zumbrota STATE: Minnesota
ELEV: 978 ft LAT: 044:18:07 LONG: 0092:40:30

                            TEMPERATURE ( F), RAIN (in.), WIND SPEED (mph)

                                               HEAT     COOL           AVG
      MEAN                                     DEG      DEG            WIND                       DOM
DAY   TEMP    HIGH   TIME     LOW    TIME      DAYS     DAYS    RAIN   SPEED    HIGH    TIME      DIR
--------------------------------------------------------------------------------------------------------
01    01.2   013.7   00:03   -05.9   00:00     63.7     00.0   00.00   06.7     26.4    00:54      NW
02    02.5   016.5   23:41   -12.7   06:12     62.5     00.0   00.00   01.2     11.5    13:00      SW
03    19.8   029.0   13:29    12.1   00:00     45.2     00.0   00.04   03.5     20.7    21:55      N 
04    00.3   012.1   00:11   -08.5   00:00     64.6     00.0   00.00   06.1     20.7    05:55      NW
05    01.3   013.9   14:25   -12.7   02:08     63.6     00.0   00.00   01.2     13.8    15:19     WSW
06    00.2   009.1   12:29   -16.6   07:38     64.7     00.0   00.00   00.9     09.2    14:17      W 
07    06.9   013.7   14:09   -01.8   08:02     58.0     00.0   00.00   01.7     12.7    15:14      W 
08    09.5   016.9   13:56   -04.4   07:48     55.4     00.0   00.00   01.0     11.5    23:58      W 
09    05.9   010.8   00:02   -01.5   20:15     59.1     00.0   00.00   03.6     16.1    01:19     NNW
10    04.0   011.4   14:35   -06.4   06:57     60.9     00.0   00.00   01.4     12.7    00:57      W 
11    06.3   016.8   15:41   -03.2   01:13     58.6     00.0   00.00   02.2     16.1    11:56      W 
12    03.7   012.5   14:05   -07.0   06:08     61.2     00.0   00.00   01.0     10.3    09:39     NNW
13    19.8   032.0   23:00    06.1   23:02     45.2     00.0   00.00   03.6     23.0    11:43      S 
14    29.8   040.3   14:34    10.7   07:40     35.1     00.0   00.00   02.3     16.1    10:57     SSW
15    31.8   040.0   12:53    23.5   00:00     33.1     00.0   00.00   05.1     24.1    23:12      NW
16    10.6   023.5   00:08   -00.3   07:42     54.3     00.0   00.00   04.6     25.3    00:24      W 
17    22.8   032.5   15:35    07.9   23:53     42.1     00.0   00.04   02.1     14.9    14:34     WSW
18    22.7   042.6   14:15    05.5   02:38     42.2     00.0   00.07   03.6     31.1    10:16      S 
19    25.5   029.1   00:01    22.6   00:00     39.4     00.0   00.06   05.2     19.6    15:50     NNE
20    19.2   023.8   11:04    08.7   00:00     45.8     00.0   00.03   03.8     19.6    17:19     WNW
21    09.8   019.3   15:07    00.1   07:37     55.2     00.0   00.00   01.2     11.5    00:20     WSW
22    17.2   030.5   14:52    04.3   02:37     47.7     00.0   00.17   02.4     16.1    18:20      E 
23    23.6   030.6   05:47    05.5   00:00     41.3     00.0   00.13   01.5     13.8    09:24     WSW
24    18.9   031.0   22:27    00.7   04:06     46.1     00.0   00.21   01.6     19.6    23:33      E 
25    22.0   028.9   14:16    15.1   07:30     43.0     00.0   00.00   04.2     21.9    00:50     WSW
26    30.1   041.2   14:42    13.5   07:12     34.8     00.0   00.00   02.3     16.1    16:19     SSW
27    35.0   046.5   12:31    23.1   07:28     29.9     00.0   00.00   01.2     18.4    00:56      NW
28    31.1   041.3   15:02    18.2   07:09     33.8     00.0   00.00   00.4     09.2    02:32     NNW
--------------------------------------------------------------------------------------------------------
15.4 (14.4)   46.5  day 27    -16.6  day 06   1386.5    000.0   01.52   02.7     31.1   day 18      W 
Max <=  32: 21
Min <=  86: 28
Min <=   0: 11
Max <= 23: 12
Min <=  23: 26
Max <=  14: 8
Min <=  14: 23
Min <=   5: 15
Min <=   0: 11
Min <=  -4: 8
Min <= -13: 1
Max Rain: 0.21 ON 24-02-18
Days of Rain: 8 (> .008in) 3 (> .08in) 0 (> 0.8in)