NOAA style reports

NOAA-style Climate Reports

Select NOAA data to display

Select a Year or Month report

Report for 2017 Jan





                            MONTHLY CLIMATOLOGICAL SUMMARY for JAN. 2017

NAME: DW8463   CITY: Zumbrota STATE: Minnesota
ELEV: 978 ft LAT: 044:18:07 LONG: 0092:40:30

                            TEMPERATURE ( F), RAIN (in.), WIND SPEED (mph)

                                               HEAT     COOL           AVG
      MEAN                                     DEG      DEG            WIND                       DOM
DAY   TEMP    HIGH   TIME     LOW    TIME      DAYS     DAYS    RAIN   SPEED    HIGH    TIME      DIR
--------------------------------------------------------------------------------------------------------
01    25.8   030.6   12:14    18.5   08:27     39.1     00.0   00.00   01.4     12.7    01:17     SSE
02    30.7   032.6   23:38    28.1   03:05     34.2     00.0   00.15   03.2     16.1    12:33      E 
03    17.6   032.5   00:01    02.3   00:00     47.4     00.0   00.00   06.7     26.4    10:52     WNW
04   -00.7   002.9   15:12   -04.6   08:20     65.6     00.0   00.00   07.2     23.0    14:12     WNW
05   -02.1   000.8   15:23   -07.3   00:00     67.0     00.0   00.00   04.1     14.9    15:14     WNW
06   -04.0   004.6   15:45   -12.2   08:21     69.0     00.0   00.00   01.2     11.5    14:49     WSW
07   -00.2   008.9   15:38   -09.8   06:43     65.1     00.0   00.00   03.2     18.4    10:48     WNW
08    04.8   018.5   00:00   -10.5   07:03     60.2     00.0   00.00   03.5     23.0    18:03      S 
09    21.7   027.5   00:00    16.4   08:05     43.2     00.0   00.01   03.8     19.6    21:26     SSE
10    20.7   030.1   11:28    05.9   22:09     44.2     00.0   00.23   05.4     33.4    16:48     WNW
11    08.9   010.7   12:41    07.3   23:18     56.0     00.0   00.02   04.3     17.3    15:07     NNW
12    07.6   016.7   14:02   -03.3   00:00     57.3     00.0   00.00   04.4     28.8    14:32     WNW
13    02.1   010.0   23:45   -05.2   03:45     62.8     00.0   00.00   02.1     09.2    20:28     ESE
14    08.1   022.7   13:53   -03.7   08:17     56.8     00.0   00.00   00.7     11.5    11:34      SW
15    10.2   031.3   13:47   -06.5   07:37     54.7     00.0   00.00   00.5     10.3    12:48     SSW
16    21.7   032.7   23:54    08.6   05:33     43.2     00.0   00.53   00.9     09.2    16:45      E 
17    32.7   034.1   13:14    29.3   00:00     32.2     00.0   00.11   03.0     16.1    14:42      NW
18    32.1   037.6   13:44    26.0   06:16     32.8     00.0   00.00   02.7     16.1    12:04     SSW
19    34.4   037.6   15:37    30.6   07:07     30.5     00.0   00.02   02.6     14.9    10:39     SSE
20    35.4   038.3   13:37    34.3   07:27     29.5     00.0   00.01   01.5     09.2    19:50      SE
21    35.3   037.5   14:37    33.8   23:50     29.7     00.0   00.08   00.9     09.2    08:39     ESE
22    35.2   037.5   13:06    33.3   00:00     29.7     00.0   00.00   01.3     13.8    23:51     WNW
23    33.1   035.1   13:31    32.1   00:00     31.8     00.0   00.00   01.4     11.5    14:37     WNW
24    32.1   033.3   12:45    31.5   18:26     32.8     00.0   00.04   01.8     12.7    23:56      NE
25    31.0   033.5   13:30    27.8   19:26     33.9     00.0   00.24   06.8     20.7    17:03      N 
26    26.7   029.9   13:34    21.5   23:40     38.2     00.0   00.00   06.0     19.6    11:53     WNW
27    22.7   028.0   16:14    17.4   09:08     42.2     00.0   00.00   03.8     17.3    16:21      W 
28    24.6   028.1   14:48    20.0   05:19     40.3     00.0   00.00   05.6     17.3    21:41      NW
29    20.5   027.2   11:33    02.6   00:00     44.4     00.0   00.00   03.2     19.6    12:47      NW
30    24.3   040.7   15:36    00.5   02:26     40.6     00.0   00.03   04.2     24.1    20:37     WSW
31    35.2   039.4   12:04    30.4   23:11     29.7     00.0   00.00   06.8     26.4    18:28     WNW
--------------------------------------------------------------------------------------------------------
20.3 (19.8)   40.7  day 30    -12.2  day 06   1384.6    000.0   01.47   03.4     33.4   day 31     WNW
Max <=  32: 17
Min <=  86: 31
Min <=   0: 9
Max <= 23: 9
Min <=  23: 20
Max <=  14: 6
Min <=  14: 15
Max <=   5: 3
Min <=   5: 12
Min <=   0: 9
Min <=  -4: 7
Max Rain: 0.53 ON 16-01-17
Days of Rain: 12 (> .008in) 6 (> .08in) 0 (> 0.8in)