NOAA style reports

NOAA-style Climate Reports

Select NOAA data to display

Select a Year or Month report

Report for 2016 Aug





                            MONTHLY CLIMATOLOGICAL SUMMARY for AUG. 2016

NAME: DW8463   CITY: Zumbrota STATE: Minnesota
ELEV: 978 ft LAT: 044:18:07 LONG: 0092:40:30

                            TEMPERATURE ( F), RAIN (in.), WIND SPEED (mph)

                                               HEAT     COOL           AVG
      MEAN                                     DEG      DEG            WIND                       DOM
DAY   TEMP    HIGH   TIME     LOW    TIME      DAYS     DAYS    RAIN   SPEED    HIGH    TIME      DIR
--------------------------------------------------------------------------------------------------------
01    73.6   084.3   16:04    63.8   06:38     00.0     08.6   00.00   01.9     20.7    13:19      SE
02    75.9   085.3   17:15    67.9   06:38     00.0     10.9   00.00   00.7     10.3    15:40      S 
03    77.5   087.9   15:21    66.3   06:33     00.0     12.5   00.00   00.9     11.5    15:56     SSW
04    73.9   082.2   12:31    64.1   00:00     00.0     09.0   00.55   01.5     17.3    08:39      SW
05    67.0   076.7   14:51    59.6   04:33     00.0     02.1   00.00   02.7     19.6    11:02      NW
06    66.5   078.6   16:49    54.1   06:29     00.0     01.5   00.00   01.7     13.8    15:03     NNW
07    67.8   080.6   17:10    57.0   05:29     00.0     02.9   00.00   00.4     09.2    18:26     ESE
08    68.5   080.7   16:01    54.9   06:46     00.0     03.6   00.00   01.7     16.1    17:30     SSE
09    72.5   084.0   17:25    62.1   03:54     00.0     07.6   00.05   00.7     12.7    14:48      S 
10    77.0   087.5   16:53    65.8   06:38     00.0     12.0   00.47   02.2     23.0    22:05     SSE
11    73.2   082.9   16:15    67.6   01:02     00.0     08.3   03.13   01.8     19.6    06:16      NW
12    72.5   081.3   11:04    67.4   00:00     00.0     07.5   00.39   01.0     20.7    19:02     NNW
13    72.3   081.0   16:36    63.4   00:00     00.0     07.4   00.00   02.9     19.6    16:03      NW
14    69.3   081.7   17:42    59.5   06:43     00.0     04.4   00.00   01.3     12.7    10:32     NNW
15    69.5   082.6   12:51    55.0   06:47     00.0     04.5   00.00   00.6     11.5    12:42      E 
16    71.6   086.9   13:25    60.7   04:57     00.0     06.6   00.70   01.0     31.1    19:29      S 
17    72.7   087.1   17:00    60.4   06:59     00.0     07.8   00.01   00.4     09.2    13:00      SE
18    72.5   088.7   14:55    61.2   07:07     00.0     07.5   00.14   01.0     19.6    20:33     SSE
19    70.7   079.8   12:52    65.1   07:12     00.0     05.8   00.86   01.3     19.6    04:09      NW
20    62.3   070.3   15:37    56.8   00:00     02.6     00.0   00.45   03.2     19.6    15:52      NW
21    62.2   073.5   17:38    53.6   07:01     02.7     00.0   00.01   01.9     14.9    14:07     WNW
22    67.7   081.9   14:44    52.8   06:10     00.0     02.7   00.00   03.8     25.3    12:22      S 
23    71.8   083.7   13:44    63.3   06:54     00.0     06.9   00.67   03.8     23.0    13:38      S 
24    71.6   080.8   15:59    62.0   00:00     00.0     06.6   00.16   01.8     18.4    00:13     WNW
25    66.9   076.7   13:21    58.1   00:00     00.0     01.9   00.00   01.7     16.1    17:15     WNW
26    63.3   074.3   14:01    51.2   06:52     01.6     00.0   00.00   00.3     06.9    13:54     ENE
27    64.3   069.5   19:11    60.8   06:36     00.6     00.0   00.14   00.6     09.2    13:57     SSE
28    71.2   084.6   17:32    59.0   04:00     00.0     06.3   00.01   01.0     12.7    12:48     SSE
29    73.6   086.2   15:01    64.8   07:16     00.0     08.7   00.00   00.7     11.5    16:19     SSE
30    70.8   080.8   14:57    58.1   00:00     00.0     05.8   00.07   01.8     13.8    17:08     NNW
31    64.2   077.7   15:16    51.7   07:12     00.7     00.0   00.00   01.8     14.9    16:16     NNW
--------------------------------------------------------------------------------------------------------
70.1 (70.8)   88.7  day 18     51.2  day 26   008.3    169.4   07.88   01.5     31.1   day 11     WSW
Max >=  86: 6
Min <=  86: 31
Max Rain: 3.13 ON 11-08-16
Days of Rain: 16 (> .008in) 11 (> .08in) 2 (> 0.8in)