NOAA style reports

NOAA-style Climate Reports

Select NOAA data to display

Select a Year or Month report

Report for 2016 Jul





                            MONTHLY CLIMATOLOGICAL SUMMARY for JUL. 2016

NAME: DW8463   CITY: Zumbrota STATE: Minnesota
ELEV: 978 ft LAT: 044:18:07 LONG: 0092:40:30

                            TEMPERATURE ( F), RAIN (in.), WIND SPEED (mph)

                                               HEAT     COOL           AVG
      MEAN                                     DEG      DEG            WIND                       DOM
DAY   TEMP    HIGH   TIME     LOW    TIME      DAYS     DAYS    RAIN   SPEED    HIGH    TIME      DIR
--------------------------------------------------------------------------------------------------------
01    61.9   071.8   16:56    53.1   06:08     03.1     00.0   00.01   01.5     12.7    07:10     NNE
02    64.6   077.8   16:33    48.6   05:52     00.4     00.0   00.00   00.7     11.5    14:00      SE
03    66.4   078.5   17:34    52.5   05:39     00.0     01.5   00.00   01.5     14.9    13:46      SE
04    66.7   078.8   16:17    51.9   05:57     00.0     01.8   00.00   01.4     16.1    17:08      S 
05    72.7   086.4   15:27    60.2   04:54     00.0     07.7   00.74   02.4     41.4    20:23      S 
06    72.2   083.5   16:43    61.7   06:27     00.0     07.2   00.01   01.3     13.8    15:08      N 
07    70.5   082.0   16:05    63.2   01:01     00.0     05.5   00.30   01.3     17.3    05:05      SW
08    68.9   076.7   18:13    62.0   00:00     00.0     04.0   00.01   03.5     23.0    13:43     WNW
09    68.7   080.7   17:45    54.8   06:16     00.0     03.7   00.00   01.0     10.3    16:17      E 
10    70.8   079.3   17:32    63.6   01:17     00.0     05.9   00.39   02.1     19.6    09:43      S 
11    78.0   088.6   15:27    69.1   02:52     00.0     13.1   00.00   03.9     27.6    16:41     SSE
12    75.2   084.9   17:30    66.5   06:26     00.0     10.2   00.07   02.5     26.4    00:05      SW
13    73.4   082.5   17:00    67.1   00:16     00.0     08.5   00.03   02.5     19.6    16:02     WSW
14    66.3   072.4   11:02    61.3   00:00     00.0     01.3   00.04   04.0     26.4    12:58     WNW
15    65.6   075.1   16:18    59.9   00:00     00.0     00.7   00.04   01.7     11.5    13:27      NW
16    68.0   078.7   15:43    54.3   06:19     00.0     03.1   00.06   01.5     16.1    18:40      S 
17    72.2   083.6   16:39    63.5   00:00     00.0     07.2   01.07   02.9     20.7    16:07     WNW
18    71.6   083.1   17:02    58.3   06:16     00.0     06.6   00.00   00.7     09.2    15:14     WNW
19    73.3   083.8   15:45    61.7   06:12     00.0     08.4   00.00   01.8     18.4    12:37     SSE
20    78.4   087.5   14:25    69.6   04:03     00.0     13.5   00.00   03.1     20.7    17:23     SSE
21    82.8   091.0   16:59    74.3   07:21     00.0     17.8   00.00   02.1     19.6    05:59     SSW
22    80.6   091.3   16:33    71.4   06:21     00.0     15.7   00.00   00.9     10.3    17:19      NE
23    73.7   080.2   09:31    70.0   13:23     00.0     08.7   01.28   02.2     20.7    16:17      SE
24    76.7   083.4   14:04    65.2   00:00     00.0     11.8   00.00   03.1     19.6    16:18     WNW
25    72.6   083.5   17:15    60.8   06:38     00.0     07.7   00.00   01.8     14.9    14:30     WNW
26    74.8   086.6   16:40    61.5   06:33     00.0     09.9   00.00   01.0     14.9    16:12     WSW
27    72.2   082.8   16:10    66.8   06:35     00.0     07.2   00.38   01.3     16.1    16:00      SW
28    67.7   072.3   13:50    64.9   00:00     00.0     02.8   00.02   03.2     16.1    13:54      N 
29    71.0   077.9   16:30    63.6   06:30     00.0     06.0   00.01   03.0     11.5    17:45      NE
30    73.7   080.4   14:40    62.6   06:20     00.0     08.8   00.00   01.9     12.7    15:27     ESE
31    72.3   082.3   15:08    63.0   06:36     00.0     07.4   00.00   02.1     18.4    13:41      SE
--------------------------------------------------------------------------------------------------------
71.7 (71.8)   91.3  day 22     48.6  day 02   003.4    213.8   04.46   02.1     41.4   day 05      SW
Max >=  86: 6
Min <=  86: 31
Max Rain: 1.28 ON 23-07-16
Days of Rain: 16 (> .008in) 6 (> .08in) 2 (> 0.8in)