NOAA style reports

NOAA-style Climate Reports

Select NOAA data to display

Select a Year or Month report

Report for 2016 May





                            MONTHLY CLIMATOLOGICAL SUMMARY for MAY. 2016

NAME: DW8463   CITY: Zumbrota STATE: Minnesota
ELEV: 978 ft LAT: 044:18:07 LONG: 0092:40:30

                            TEMPERATURE ( F), RAIN (in.), WIND SPEED (mph)

                                               HEAT     COOL           AVG
      MEAN                                     DEG      DEG            WIND                       DOM
DAY   TEMP    HIGH   TIME     LOW    TIME      DAYS     DAYS    RAIN   SPEED    HIGH    TIME      DIR
--------------------------------------------------------------------------------------------------------
01    50.7   062.7   17:29    43.1   07:16     14.2     00.0   00.00   03.6     19.6    14:00      NE
02    51.2   065.3   17:03    33.9   06:32     13.7     00.0   00.00   00.9     11.5    16:12      SW
03    56.0   070.4   16:58    36.6   05:22     08.9     00.0   00.00   04.3     26.4    13:02     WNW
04    53.0   064.6   15:35    38.5   06:24     11.9     00.0   00.00   05.6     26.4    14:34      N 
05    52.9   073.9   18:41    32.1   05:48     12.0     00.0   00.00   01.1     13.8    12:37      W 
06    73.1   089.0   15:37    48.7   00:43     00.0     08.2   00.00   04.3     26.4    11:24      W 
07    60.0   072.8   00:01    40.7   00:00     05.0     00.0   00.00   05.6     24.1    00:27     NNW
08    56.1   073.0   15:41    34.6   05:35     08.8     00.0   00.00   01.7     17.3    12:32      NE
09    54.1   064.0   16:05    44.7   04:52     10.9     00.0   00.34   04.0     25.3    16:12     ESE
10    51.9   057.8   15:30    47.8   06:11     13.1     00.0   00.42   03.8     19.6    02:59      E 
11    52.6   056.9   16:58    48.4   06:42     12.4     00.0   00.16   01.3     11.5    10:34      SE
12    52.4   058.0   11:08    46.8   23:58     12.6     00.0   00.00   03.7     23.0    11:38     WNW
13    42.7   047.4   16:45    38.9   05:46     22.3     00.0   00.13   04.2     25.3    21:25      NW
14    41.2   050.8   17:14    33.7   00:00     23.7     00.0   00.00   06.9     24.1    16:10      NW
15    46.4   063.5   17:28    26.9   04:42     18.5     00.0   00.00   02.1     18.4    13:24     WNW
16    59.8   066.5   20:59    45.4   23:27     05.1     00.0   00.00   03.2     13.8    13:59     NNW
17    51.2   063.0   16:58    37.3   06:28     13.7     00.0   00.00   02.7     20.7    11:43     ENE
18    52.5   068.1   16:25    33.2   06:14     12.5     00.0   00.00   01.1     11.5    14:23     ENE
19    57.3   072.8   16:51    37.3   05:13     07.7     00.0   00.00   02.2     21.9    10:27     SSE
20    62.0   075.4   16:16    48.6   00:00     03.0     00.0   00.00   01.6     14.9    18:24      SE
21    61.6   078.9   17:36    41.2   06:00     03.4     00.0   00.00   00.9     11.5    14:39     ENE
22    65.5   083.5   15:27    42.7   06:01     00.0     00.6   00.00   02.3     20.7    13:36     SSE
23    69.3   083.4   13:45    57.8   00:11     00.0     04.4   00.00   04.1     29.9    14:01      S 
24    71.0   084.7   15:48    59.3   00:00     00.0     06.0   00.02   01.6     16.1    09:54     WSW
25    65.5   075.6   18:37    56.1   02:56     00.0     00.5   00.64   01.1     14.9    08:50      SE
26    68.2   079.4   17:13    57.2   03:54     00.0     03.2   00.43   01.8     28.8    03:35     WSW
27    64.0   068.4   18:56    59.0   00:00     00.9     00.0   00.27   00.8     10.3    17:54      N 
--------------------------------------------------------------------------------------------------------
57.1 (56.3)   89.0  day 06     26.9  day 15   234.3    022.9   02.80   02.8     29.9   day 23     NNW
Max >=  86: 1
Min <=  86: 27
Max Rain: 0.64 ON 25-05-16
Days of Rain: 8 (> .008in) 7 (> .08in) 0 (> 0.8in)