NOAA style reports

NOAA-style Climate Reports

Select NOAA data to display

Select a Year or Month report

Report for 2016 Mar





                            MONTHLY CLIMATOLOGICAL SUMMARY for MAR. 2016

NAME: DW8463   CITY: Zumbrota STATE: Minnesota
ELEV: 978 ft LAT: 044:18:07 LONG: 0092:40:30

                            TEMPERATURE ( F), RAIN (in.), WIND SPEED (mph)

                                               HEAT     COOL           AVG
      MEAN                                     DEG      DEG            WIND                       DOM
DAY   TEMP    HIGH   TIME     LOW    TIME      DAYS     DAYS    RAIN   SPEED    HIGH    TIME      DIR
--------------------------------------------------------------------------------------------------------
01    18.1   023.5   16:17    11.2   00:00     46.9     00.0   00.00   05.2     18.4    16:13     NNW
02    18.8   027.5   14:32    06.7   06:49     46.2     00.0   00.00   01.8     13.8    13:33      S 
03    28.8   033.9   15:11    24.4   00:19     36.2     00.0   00.00   01.5     11.5    15:10      N 
04    31.8   036.5   00:00    29.8   06:00     33.1     00.0   00.04   02.4     19.6    10:41     SSW
05    32.8   036.5   14:22    28.5   23:37     32.1     00.0   00.00   04.4     20.7    03:20      NW
06    41.4   052.9   16:20    29.0   01:02     23.5     00.0   00.00   05.4     28.8    11:55      S 
07    55.2   064.6   11:58    45.6   00:01     09.8     00.0   00.00   04.3     19.6    15:50     SSE
08    56.9   070.9   14:36    41.8   00:00     08.0     00.0   00.00   06.2     32.2    10:58      SW
09    39.5   042.4   14:26    37.0   07:52     25.5     00.0   00.00   03.1     12.7    06:47      W 
10    35.1   043.6   16:07    26.1   00:00     29.9     00.0   00.00   01.4     11.5    15:31      NW
11    44.6   063.2   15:56    22.9   04:42     20.4     00.0   00.00   03.6     26.4    15:04      S 
12    53.4   067.0   15:12    39.8   06:37     11.5     00.0   00.00   02.0     17.3    11:28     SSW
13    49.7   054.5   17:01    45.6   06:11     15.2     00.0   00.01   03.1     20.7    13:09      SE
14    52.2   058.4   15:00    47.0   08:30     12.8     00.0   00.00   01.5     10.3    00:09     SSE
15    50.9   053.9   03:23    46.9   00:00     14.1     00.0   01.02   03.8     20.7    23:53      SE
16    42.6   063.2   11:21    35.3   04:07     22.3     00.0   00.18   10.0     34.5    03:49     WNW
17    37.0   067.1   15:31    33.4   07:27     28.0     00.0   00.18   05.3     20.7    16:15      W 
18    32.9   054.5   16:19    31.2   07:22     32.0     00.0   00.11   01.4     10.3    00:12     WNW
19    33.0   058.4   14:19    29.7   00:00     31.9     00.0   00.05   01.3     12.7    11:38      NE
20    34.0   055.2   00:01    26.9   06:33     31.0     00.0   00.00   02.9     17.3    16:09      NW
21    36.8   052.2   16:02    23.1   12:01     28.1     00.0   00.00   03.0     21.9    13:53     SSE
22    46.6   057.5   16:51    28.3   00:00     18.4     00.0   00.00   03.2     17.3    17:29      NE
23    33.8   043.6   10:16    24.0   00:00     31.1     00.0   00.19   07.2     24.1    12:10     ENE
24    32.3   057.5   21:21    23.4   00:36     32.6     00.0   00.16   05.9     19.6    03:16      N 
25    32.7   051.8   00:01    17.3   06:48     32.3     00.0   00.00   02.3     19.6    14:17      S 
26    41.7   048.6   14:11    27.1   12:28     23.2     00.0   00.30   01.7     14.9    11:27      SE
27    40.4   044.6   22:39    17.3   12:27     24.6     00.0   00.03   03.7     19.6    12:05      NW
28    40.7   056.7   16:21    30.5   10:02     24.2     00.0   00.00   00.9     12.7    14:35     SSW
29    47.6   062.5   14:03    32.0   03:08     17.4     00.0   00.12   04.0     21.9    22:17      S 
30    45.1   053.1   18:43    30.5   15:41     19.8     00.0   00.55   04.1     19.6    04:17     ESE
--------------------------------------------------------------------------------------------------------
39.5 (40.8)   70.9  day 08     06.7  day 02   762.1    000.0   02.76   03.6     34.5   day 16      SW
Max <=  32: 2
Min <=  86: 30
Min <=  23: 5
Max Rain: 1.02 ON 15-03-16
Days of Rain: 13 (> .008in) 9 (> .08in) 1 (> 0.8in)