NOAA style reports

NOAA-style Climate Reports

Select NOAA data to display

Select a Year or Month report

Report for 2015 Dec





                            MONTHLY CLIMATOLOGICAL SUMMARY for DEC. 2015

NAME: DW8463   CITY: Zumbrota STATE: Minnesota
ELEV: 978 ft LAT: 044:18:07 LONG: 0092:40:30

                            TEMPERATURE ( F), RAIN (in.), WIND SPEED (mph)

                                               HEAT     COOL           AVG
      MEAN                                     DEG      DEG            WIND                       DOM
DAY   TEMP    HIGH   TIME     LOW    TIME      DAYS     DAYS    RAIN   SPEED    HIGH    TIME      DIR
--------------------------------------------------------------------------------------------------------
01    30.0   034.8   04:30    22.4   23:32     35.0     00.0   00.01   01.9     14.9    09:45      S 
02    28.5   034.9   19:09    17.6   07:43     36.4     00.0   00.00   02.1     16.1    15:09     WNW
03    27.8   033.5   00:01    23.0   08:13     37.1     00.0   00.00   01.9     12.7    14:26      SW
04    32.3   043.1   13:49    18.3   07:29     32.7     00.0   00.00   01.8     19.6    22:59      S 
05    39.9   043.7   15:14    37.1   07:39     25.1     00.0   00.00   04.7     23.0    14:22      S 
06    37.5   040.4   14:02    33.7   00:00     27.4     00.0   00.00   00.7     08.1    17:16     WSW
07    37.3   044.1   15:06    32.4   05:14     27.7     00.0   00.00   04.5     23.0    14:17      S 
08    36.4   044.1   15:04    28.1   05:32     28.6     00.0   00.00   00.4     09.2    11:53     SSE
09    38.6   046.8   15:28    29.0   08:14     26.3     00.0   00.00   01.8     17.3    23:08     SSW
10    43.0   045.2   02:52    38.7   00:00     22.0     00.0   00.04   04.6     32.2    12:28      W 
11    37.5   039.1   15:35    35.8   21:57     27.5     00.0   00.00   02.8     19.6    02:23     ENE
12    39.0   041.5   13:02    36.2   02:01     25.9     00.0   00.00   01.2     09.2    23:19     ENE
13    40.0   040.9   14:32    39.4   18:44     24.9     00.0   00.38   03.9     14.9    23:10     NNE
14    35.8   040.2   04:09    32.6   23:21     29.1     00.0   01.35   09.0     29.9    07:21      N 
15    33.0   035.2   00:00    31.3   07:52     31.9     00.0   00.00   04.7     24.1    21:21      E 
16    34.2   042.0   08:46    24.7   23:57     30.8     00.0   00.10   07.4     27.6    16:27     SSW
17    25.6   031.5   12:11    19.1   00:00     39.3     00.0   00.00   07.4     34.5    00:57     WNW
18    17.3   023.5   11:41    10.2   00:00     47.6     00.0   00.00   05.7     23.0    14:18     WNW
19    18.3   027.9   00:00    08.6   07:28     46.6     00.0   00.00   03.8     19.6    21:21     SSW
20    36.1   043.1   14:17    27.7   00:41     28.9     00.0   00.00   03.1     19.6    02:55      S 
21    32.8   035.0   00:01    31.3   04:53     32.2     00.0   00.00   03.8     17.3    05:28     NNW
22    31.7   035.1   00:00    30.2   10:54     33.3     00.0   00.00   04.3     20.7    15:10     SSE
23    33.9   036.1   10:53    28.1   00:00     31.1     00.0   00.63   04.7     25.3    23:46     WNW
24    26.6   028.7   14:22    24.8   07:50     38.3     00.0   00.00   03.5     24.1    03:09      W 
25    27.6   028.8   23:35    25.7   00:58     37.4     00.0   00.00   02.4     13.8    17:29     SSE
26    29.1   031.1   21:00    27.6   06:18     35.9     00.0   00.00   05.1     17.3    08:21     NNE
27    21.6   031.2   01:20    11.2   23:36     43.3     00.0   00.00   04.8     20.7    03:03     NNW
28    20.0   023.9   13:27    12.0   00:01     44.9     00.0   00.15   06.4     24.1    17:36      NE
29    23.4   028.1   14:25    20.3   06:06     41.6     00.0   00.15   03.8     17.3    01:09      N 
30    21.6   023.5   15:41    17.9   23:58     43.4     00.0   00.00   01.8     11.5    22:32     WNW
31    15.3   019.9   04:26    08.0   08:26     49.6     00.0   00.00   02.5     16.1    13:03     WSW
--------------------------------------------------------------------------------------------------------
30.7 (30.3)   46.8  day 09     08.0  day 31   1061.6    000.0   02.82   03.8     34.5   day 14     WNW
Max <=  32: 11
Min <=  86: 31
Max <= 23: 1
Min <=  23: 12
Max Rain: 1.35 ON 14-12-16
Days of Rain: 8 (> .008in) 6 (> .08in) 1 (> 0.8in)