NOAA style reports

NOAA-style Climate Reports

Select NOAA data to display

Select a Year or Month report

Report for 2015 Nov





                            MONTHLY CLIMATOLOGICAL SUMMARY for NOV. 2015

NAME: DW8463   CITY: Zumbrota STATE: Minnesota
ELEV: 978 ft LAT: 044:18:07 LONG: 0092:40:30

                            TEMPERATURE ( F), RAIN (in.), WIND SPEED (mph)

                                               HEAT     COOL           AVG
      MEAN                                     DEG      DEG            WIND                       DOM
DAY   TEMP    HIGH   TIME     LOW    TIME      DAYS     DAYS    RAIN   SPEED    HIGH    TIME      DIR
--------------------------------------------------------------------------------------------------------
01    49.2   059.2   15:10    39.6   07:32     15.8     00.0   00.00   02.3     17.3    01:31     WSW
02    49.8   064.6   14:16    39.6   07:20     15.1     00.0   00.00   00.6     10.3    10:06     ENE
03    53.7   070.8   13:21    37.0   06:27     11.2     00.0   00.00   03.6     19.6    20:21     SSE
04    57.4   059.6   23:48    54.5   06:43     07.6     00.0   00.00   05.6     21.9    17:42      S 
05    56.1   066.6   14:39    42.5   23:54     08.8     00.0   00.11   07.1     29.9    07:40      SW
06    40.1   042.6   00:35    32.9   00:00     24.9     00.0   00.00   04.7     24.1    02:43      NW
07    37.5   048.2   13:54    31.4   21:07     27.4     00.0   00.01   02.5     17.3    13:08     WNW
08    46.7   057.6   13:55    36.4   00:32     18.3     00.0   00.00   05.2     21.9    10:16     SSW
09    47.8   060.3   13:59    38.5   07:01     17.2     00.0   00.00   03.1     16.1    15:12      S 
10    46.3   058.5   13:13    32.2   05:29     18.6     00.0   00.00   02.7     19.6    13:44      S 
11    47.1   053.1   11:37    37.9   06:42     17.8     00.0   01.30   03.3     23.0    20:15     ENE
12    41.2   047.8   00:02    37.5   20:26     23.7     00.0   00.49   12.0     38.0    13:33     WNW
13    34.7   043.0   12:37    25.0   23:59     30.3     00.0   00.00   05.4     25.3    13:50     WNW
14    42.3   057.2   15:10    25.0   00:04     22.6     00.0   00.00   01.3     11.5    14:41     SSW
15    50.0   061.3   13:21    40.0   03:47     15.0     00.0   00.00   02.6     19.6    21:09      S 
16    49.9   054.0   00:12    46.2   11:08     15.0     00.0   00.38   06.7     20.7    20:31     SSE
17    51.5   054.4   22:26    48.6   00:15     13.5     00.0   00.47   05.8     19.6    09:39      SE
18    47.6   058.5   05:19    38.3   00:00     17.3     00.0   00.16   06.6     33.4    22:01     SSW
19    32.9   038.3   00:01    29.9   06:50     32.0     00.0   00.00   09.2     35.6    13:40      W 
20    28.7   031.1   14:06    24.8   06:32     36.2     00.0   00.00   02.9     23.0    00:23     WNW
21    22.3   027.8   00:01    17.3   23:49     42.7     00.0   00.00   03.7     18.4    12:17      NW
22    23.9   031.5   14:42    16.6   07:18     41.1     00.0   00.00   02.0     16.1    17:03     SSW
23    31.4   043.7   12:44    22.1   02:35     33.6     00.0   00.00   02.1     17.3    13:01     WNW
24    34.8   045.5   13:53    24.3   00:21     30.2     00.0   00.00   03.7     21.9    13:52      SE
25    43.9   050.9   13:11    36.0   00:47     21.0     00.0   00.00   04.4     20.7    12:14      S 
26    33.5   039.7   00:01    26.7   00:00     31.5     00.0   00.20   07.3     20.7    18:26     NNW
27    21.9   026.7   00:04    14.1   00:00     43.0     00.0   00.00   05.2     20.7    02:48      N 
28    20.4   032.4   13:30    11.2   07:46     44.6     00.0   00.00   00.7     11.5    14:37      W 
29    27.2   033.4   15:22    15.6   00:51     37.8     00.0   00.00   00.6     06.9    20:35     ESE
30    32.5   036.1   15:03    28.6   03:49     32.4     00.0   00.46   02.5     18.4    18:38      E 
--------------------------------------------------------------------------------------------------------
40.1 (40.1)   70.8  day 03     11.2  day 28   746.1    000.0   03.58   04.2     38.0   day 12     WSW
Max <=  32: 4
Min <=  86: 30
Min <=  23: 6
Max Rain: 1.30 ON 11-11-15
Days of Rain: 9 (> .008in) 8 (> .08in) 1 (> 0.8in)