NOAA style reports

NOAA-style Climate Reports

Select NOAA data to display

Select a Year or Month report

Report for 2015 Jul





                            MONTHLY CLIMATOLOGICAL SUMMARY for JUL. 2015

NAME: DW8463   CITY: Zumbrota STATE: Minnesota
ELEV: 978 ft LAT: 044:18:07 LONG: 0092:40:30

                            TEMPERATURE ( F), RAIN (in.), WIND SPEED (mph)

                                               HEAT     COOL           AVG
      MEAN                                     DEG      DEG            WIND                       DOM
DAY   TEMP    HIGH   TIME     LOW    TIME      DAYS     DAYS    RAIN   SPEED    HIGH    TIME      DIR
--------------------------------------------------------------------------------------------------------
01    59.3   066.9   17:33    52.0   00:00     05.7     00.0   00.00   00.6     08.1    12:53     ESE
02    62.2   074.9   17:19    47.5   06:23     02.7     00.0   00.00   00.6     13.8    15:55     SSE
03    65.9   079.6   16:17    51.2   06:22     00.0     01.0   00.00   01.1     11.5    12:12      W 
04    71.6   085.0   15:25    58.3   06:29     00.0     06.7   00.00   00.8     12.7    14:53      SW
05    73.3   084.8   15:32    59.2   06:24     00.0     08.3   00.00   02.9     19.6    12:28      S 
06    69.2   075.0   01:41    59.4   00:00     00.0     04.3   00.88   03.7     26.4    15:42     NNW
07    59.9   069.2   17:17    50.3   06:07     05.0     00.0   00.00   03.1     14.9    12:00      N 
08    61.7   072.1   15:45    50.1   05:37     03.2     00.0   00.00   00.9     13.8    13:48     SSE
09    66.6   079.6   16:49    51.4   05:48     00.0     01.6   00.00   00.8     10.3    15:11     SSW
10    72.7   084.7   14:02    57.7   06:07     00.0     07.8   00.00   01.3     14.9    13:17      S 
11    70.9   077.8   13:30    61.9   06:10     00.0     06.0   00.00   02.2     17.3    13:10     SSE
12    76.2   086.6   16:37    64.9   03:27     00.0     11.3   00.00   02.8     18.4    17:32     SSE
13    74.8   086.3   13:54    63.6   05:28     00.0     09.9   00.94   02.5     31.1    00:41      NW
14    72.8   082.8   15:28    63.8   05:34     00.0     07.9   00.01   02.5     13.8    16:59     NNE
15    70.0   081.8   15:40    57.6   05:58     00.0     05.1   00.00   01.4     11.5    17:51      SE
16    67.2   071.5   20:47    64.1   05:06     00.0     02.3   00.52   01.9     16.1    12:13      SE
17    76.2   087.8   17:20    65.2   06:54     00.0     11.2   00.00   00.9     10.3    13:08     WSW
18    75.7   085.9   14:55    65.6   06:16     00.0     10.8   00.91   02.7     36.8    01:27      W 
19    70.6   081.1   16:28    57.0   06:25     00.0     05.7   00.00   01.7     18.4    15:11      W 
20    72.1   079.4   15:02    59.3   00:00     00.0     07.2   00.00   03.7     20.7    17:11      NW
21    66.5   078.2   15:41    53.6   05:53     00.0     01.6   00.00   01.3     11.5    16:00      NW
22    68.1   080.3   16:29    55.3   05:05     00.0     03.1   00.00   00.6     11.5    12:06     WSW
23    70.5   081.2   15:44    57.3   06:06     00.0     05.6   00.00   01.2     13.8    16:00      S 
24    75.8   084.3   18:28    63.6   01:47     00.0     10.9   00.22   02.6     20.7    13:09     SSW
25    74.7   085.5   16:10    63.5   06:23     00.0     09.7   00.00   00.6     09.2    11:11     ENE
26    74.0   084.6   16:44    65.9   04:47     00.0     09.1   00.02   01.6     13.8    16:12     ESE
27    74.8   084.7   16:28    65.8   05:30     00.0     09.9   00.00   02.0     18.4    14:19      SE
28    74.8   084.7   15:35    67.7   09:41     00.0     09.9   01.14   02.8     23.0    12:45      S 
29    71.5   080.7   16:12    61.9   06:19     00.0     06.6   00.00   04.3     31.1    13:44     WNW
30    71.0   082.9   16:12    58.0   05:46     00.0     06.0   00.00   03.0     23.0    12:22     WNW
31    69.9   080.3   16:27    59.2   04:21     00.0     05.0   00.00   03.7     25.3    15:52      NW
--------------------------------------------------------------------------------------------------------
70.3 (69.9)   87.8  day 17     47.5  day 02   016.6    184.3   04.64   02.0     36.8   day 18     WSW
Max >=  86: 3
Min <=  86: 31
Max Rain: 1.14 ON 28-07-15
Days of Rain: 8 (> .008in) 6 (> .08in) 4 (> 0.8in)