NOAA style reports

NOAA-style Climate Reports

Select NOAA data to display

Select a Year or Month report

Report for 2015 Jun





                            MONTHLY CLIMATOLOGICAL SUMMARY for JUN. 2015

NAME: DW8463   CITY: Zumbrota STATE: Minnesota
ELEV: 978 ft LAT: 044:18:07 LONG: 0092:40:30

                            TEMPERATURE ( F), RAIN (in.), WIND SPEED (mph)

                                               HEAT     COOL           AVG
      MEAN                                     DEG      DEG            WIND                       DOM
DAY   TEMP    HIGH   TIME     LOW    TIME      DAYS     DAYS    RAIN   SPEED    HIGH    TIME      DIR
--------------------------------------------------------------------------------------------------------
01    56.0   068.7   18:04    42.6   02:26     08.9     00.0   00.00   02.1     14.9    14:42      SE
02    62.1   074.2   16:52    48.2   03:16     02.8     00.0   00.00   03.2     24.1    12:03     SSE
03    63.9   071.2   14:19    58.3   00:37     01.0     00.0   00.80   02.0     17.3    11:18     SSE
04    65.1   073.4   16:21    60.6   06:26     00.0     00.2   00.00   01.3     11.5    14:29      NW
05    64.3   074.2   18:31    55.8   05:53     00.7     00.0   00.00   01.6     11.5    17:44      E 
06    66.6   079.1   16:36    54.0   05:57     00.0     01.6   00.00   04.0     21.9    18:33     SSE
07    70.6   079.7   14:20    61.4   00:00     00.0     05.6   00.87   03.7     16.1    14:04     WNW
08    67.2   078.7   17:24    56.2   05:50     00.0     02.3   00.09   02.6     17.3    16:03      NW
09    74.3   091.2   15:44    55.2   06:01     00.0     09.4   00.00   01.0     16.1    21:32      W 
10    70.8   079.0   15:28    61.1   06:10     00.0     05.9   00.00   03.1     16.1    13:48     NNW
11    60.1   063.4   01:14    57.6   00:00     04.9     00.0   01.30   02.9     19.6    19:29     ENE
12    65.2   076.1   17:17    56.5   06:37     00.0     00.3   00.00   03.4     17.3    15:27     ENE
13    64.7   072.6   16:37    59.1   08:24     00.2     00.0   00.13   01.2     11.5    03:08     ESE
14    72.1   083.1   16:17    64.1   01:35     00.0     07.1   00.00   00.6     11.5    12:30     SSE
15    67.7   074.8   18:20    54.9   00:00     00.0     02.7   00.50   02.9     19.6    11:42     NNW
16    64.4   074.1   16:50    50.8   05:54     00.6     00.0   00.00   01.1     11.5    23:06      NE
17    67.8   076.0   17:21    60.2   05:27     00.0     02.9   00.20   02.0     19.6    17:51      S 
18    67.6   077.9   16:38    58.0   04:53     00.0     02.6   00.00   02.8     13.8    00:03     NNW
19    67.5   078.4   17:18    54.4   06:05     00.0     02.5   00.00   02.2     17.3    17:27      SE
20    71.0   081.5   16:40    61.5   08:08     00.0     06.1   00.25   03.4     23.0    11:02      SW
21    71.8   083.9   17:30    58.8   05:51     00.0     06.8   00.00   01.2     11.5    13:12     WNW
22    71.7   081.5   16:59    61.4   00:00     00.0     06.7   00.67   05.1     35.6    09:30     WNW
23    66.7   078.0   17:03    54.2   05:37     00.0     01.7   00.00   02.0     12.7    16:49      NW
24    67.2   077.8   13:14    33.9   23:19     00.0     02.2   00.00   01.0     11.5    13:41      S 
25    68.7   081.4   15:48    36.6   22:05     00.0     03.8   00.03   01.5     19.6    18:22     NNE
26    67.7   078.2   15:59    38.5   23:07     00.0     02.8   00.00   01.3     13.8    16:42     ESE
27    68.1   081.3   16:24    32.0   22:20     00.0     03.2   00.00   00.9     11.5    15:12      NW
28    65.9   075.7   15:48    48.7   17:24     00.0     01.0   01.31   01.0     20.7    15:48     SSW
29    67.9   089.0   08:18    52.7   23:31     00.0     02.9   00.27   02.1     21.9    18:39      NW
30    64.6   074.6   16:28    34.6   22:16     00.3     00.0   00.01   01.7     13.8    12:58      NE
--------------------------------------------------------------------------------------------------------
67.0 (65.2)   91.2  day 09     32.0  day 27   019.5    080.4   06.43   02.2     35.7   day 22     NNW
Max >=  86: 2
Min <=  86: 30
Max Rain: 1.31 ON 28-06-16
Days of Rain: 13 (> .008in) 11 (> .08in) 4 (> 0.8in)