NOAA style reports

NOAA-style Climate Reports

Select NOAA data to display

Select a Year or Month report

Report for 2015 May





                            MONTHLY CLIMATOLOGICAL SUMMARY for MAY. 2015

NAME: DW8463   CITY: Zumbrota STATE: Minnesota
ELEV: 978 ft LAT: 044:18:07 LONG: 0092:40:30

                            TEMPERATURE ( F), RAIN (in.), WIND SPEED (mph)

                                               HEAT     COOL           AVG
      MEAN                                     DEG      DEG            WIND                       DOM
DAY   TEMP    HIGH   TIME     LOW    TIME      DAYS     DAYS    RAIN   SPEED    HIGH    TIME      DIR
--------------------------------------------------------------------------------------------------------
01    52.4   068.1   12:11    34.7   03:35     12.5     00.0   00.02   02.5     19.6    17:47     SSW
02    65.1   079.3   15:42    47.8   06:29     00.0     00.1   00.00   03.6     21.9    20:22     SSW
03    64.9   084.5   15:55    51.6   06:51     00.0     00.0   00.28   02.8     24.1    18:23     SSW
04    58.3   068.1   14:29    44.9   00:00     06.7     00.0   00.00   03.4     23.0    11:28     NNE
05    53.9   063.6   14:48    43.2   01:59     11.1     00.0   00.04   04.6     25.3    14:56      SE
06    62.0   075.0   14:57    54.2   04:15     02.9     00.0   00.50   05.2     26.4    16:30      SE
07    67.8   076.8   15:13    61.7   03:30     00.0     02.9   00.06   06.1     31.1    15:52      S 
08    54.5   063.1   00:04    44.4   00:00     10.4     00.0   00.01   03.5     16.1    04:04      NW
09    56.3   069.5   17:01    42.5   06:36     08.7     00.0   00.00   01.8     16.1    11:56      NE
10    55.9   062.1   15:21    50.1   04:07     09.1     00.0   00.06   05.6     21.9    09:36      E 
11    50.5   056.7   06:02    43.3   23:50     14.5     00.0   00.14   04.5     21.9    23:43      SW
12    45.8   055.9   17:28    37.8   00:00     19.2     00.0   00.02   06.7     26.4    12:57      NW
13    51.9   066.9   16:28    35.3   02:11     13.1     00.0   00.00   04.3     23.0    16:05      SE
14    52.8   055.6   01:27    48.1   07:22     12.2     00.0   00.53   04.4     20.7    11:53      SE
15    59.1   065.7   16:48    54.6   07:56     05.8     00.0   00.01   01.2     11.5    05:32      NW
16    64.7   076.8   17:34    52.9   06:08     00.3     00.0   00.19   03.8     26.4    19:38      SE
17    66.5   073.9   16:10    50.2   00:00     00.0     01.6   00.14   06.5     32.2    20:22      S 
18    44.2   050.2   00:02    39.8   23:46     20.7     00.0   00.00   07.5     33.4    10:37      W 
19    43.4   052.3   17:14    34.9   05:55     21.5     00.0   00.00   04.2     18.4    12:04     NNW
20    47.7   058.2   18:07    36.6   00:30     17.2     00.0   00.00   01.2     16.1    15:16     WNW
21    56.7   072.1   17:36    40.4   05:53     08.2     00.0   00.00   03.5     20.7    14:39      NW
22    57.0   072.7   15:50    37.1   06:13     07.9     00.0   00.00   00.8     11.5    11:57      NE
23    60.2   074.9   16:47    43.3   03:40     04.8     00.0   00.00   01.2     12.7    18:25      E 
24    59.6   063.0   09:08    58.1   20:16     05.4     00.0   00.53   02.2     16.1    09:45     ESE
25    59.6   067.0   19:00    57.3   23:45     05.3     00.0   00.37   00.6     17.3    20:04     SSE
26    59.7   064.3   13:30    55.7   06:02     05.3     00.0   00.35   00.8     11.5    19:00     WNW
27    66.5   080.6   17:22    55.0   06:02     00.0     01.6   00.04   01.4     14.9    15:49     WSW
28    69.4   082.1   14:07    53.5   05:05     00.0     04.5   00.07   02.8     21.9    16:12      S 
29    65.2   070.5   11:57    55.0   00:00     00.0     00.3   00.58   02.2     24.1    22:42      NW
--------------------------------------------------------------------------------------------------------
57.6 (57.5)   84.5  day 03     34.7  day 01   222.6    010.9   03.99   03.4     33.4   day 03      S 
Min <=  86: 29
Max Rain: 0.58 ON 29-05-15
Days of Rain: 19 (> .008in) 10 (> .08in) 0 (> 0.8in)