NOAA style reports

NOAA-style Climate Reports

Select NOAA data to display

Select a Year or Month report

Report for 2015 Feb




                            MONTHLY CLIMATOLOGICAL SUMMARY for FEB. 2015

NAME: DW8463   CITY: Zumbrota STATE: Minnesota
ELEV: 978 ft LAT: 044:18:07 LONG: 0092:40:30

                            TEMPERATURE ( F), RAIN (in.), WIND SPEED (mph)

                                               HEAT     COOL           AVG
      MEAN                                     DEG      DEG            WIND                       DOM
DAY   TEMP    HIGH   TIME     LOW    TIME      DAYS     DAYS    RAIN   SPEED    HIGH    TIME      DIR
----------------------------------------------------------------------------------------------------------------------------------------------------------
01    13.7   021.8   00:01    04.6   23:59     51.2     00.0   00.02   08.1     24.1    12:24     NNE
02    04.1   013.2   14:40   -09.7   07:44     60.9     00.0   00.01   01.6     13.8    12:16      SW
03    09.2   016.6   15:47   -00.0   07:40     55.7     00.0   00.08   00.6     10.3    11:32      NW
04    09.4   016.1   13:28   -07.8   23:59     55.5     00.0   00.00   03.9     21.9    15:58     WNW
05    01.5   015.6   14:18   -17.5   07:25     63.4     00.0   00.00   02.5     20.7    13:34     SSW
06    19.5   028.7   14:15    09.1   00:12     45.4     00.0   00.00   01.8     11.5    13:20      SE
07    25.5   035.8   15:16    15.9   05:08     39.4     00.0   00.00   02.0     17.3    12:37     ESE
08    29.7   033.9   11:15    25.5   23:58     35.2     00.0   00.00   03.9     14.9    13:34     NNE
09    23.3   028.9   13:38    13.9   23:26     41.7     00.0   00.00   01.5     09.2    04:01      NE
10    23.5   033.5   23:01    13.4   00:54     41.4     00.0   00.08   04.6     24.1    12:13     SSE
11    18.1   033.0   00:02    03.2   00:00     46.8     00.0   00.00   10.5     32.2    20:54      NW
12    01.8   008.9   15:23   -03.7   07:37     63.2     00.0   00.00   03.5     26.4    00:02      NW
13    18.8   030.5   15:03   -01.7   00:01     46.1     00.0   00.00   04.8     20.7    18:43      W 
14    02.2   013.3   00:01   -06.0   23:59     62.7     00.0   00.00   08.2     33.4    03:14     NNW
15    03.9   009.1   00:00   -06.2   00:05     61.0     00.0   00.00   03.3     13.8    11:29      SE
16    13.8   021.9   14:57    09.1   06:10     51.1     00.0   00.00   03.3     17.3    19:09      W 
17    06.7   011.3   16:02   -00.1   00:00     58.3     00.0   00.00   06.7     21.9    21:18      NW
18   -03.0   000.9   15:10   -07.8   07:37     67.9     00.0   00.00   07.3     25.3    13:20      NW
19   -03.1   006.3   14:32   -16.4   06:33     68.1     00.0   00.00   01.5     11.5    12:56      SW
20    15.8   025.4   18:03    04.0   00:01     49.1     00.0   00.00   03.6     23.0    10:28      S 
21    17.6   023.4   05:17    03.5   00:00     47.3     00.0   00.00   05.0     19.6    14:30      NW
22   -03.1   003.5   00:01   -10.0   23:10     68.1     00.0   00.00   05.5     19.6    14:54      NW
23    02.9   018.8   00:00   -17.0   06:50     62.1     00.0   00.00   03.8     25.3    22:18      SW
24    24.7   033.6   10:59    10.5   23:59     40.2     00.0   00.00   08.3     34.5    12:12     WNW
25    09.6   014.5   14:40   -02.1   22:29     55.3     00.0   00.03   02.9     12.7    14:23      N 
26    01.8   009.3   15:01   -06.4   00:00     63.2     00.0   00.00   04.8     18.4    15:24     NNW
27   -01.9   012.0   14:23   -14.8   07:05     66.8     00.0   00.00   01.5     13.8    12:05     WSW
28    05.2   016.3   14:19   -11.8   06:15     59.7     00.0   00.00   03.1     20.7    14:18      S 
----------------------------------------------------------------------------------------------------------------------------------------------------------
10.4 (9.1)   35.8  day 07    -17.5  day 05   1527.0    000.0   00.22   04.2     34.5   day 14      NW
Max <=  32: 23
Min <=  86: 28
Min <=   0: 15
Max <= 23: 18
Min <=  23: 27
Max <=  14: 10
Min <=  14: 26
Max <=   5: 2
Min <=   5: 21
Min <=   0: 15
Min <=  -4: 12
Min <= -13: 4
Max Rain: 0.08 ON 3-02-15
Days of Rain: 5 (> .008in) 0 (> .08in) 0 (> 0.8in)