NOAA style reports

NOAA-style Climate Reports

Select NOAA data to display

Select a Year or Month report

Report for 2014 Nov




                            MONTHLY CLIMATOLOGICAL SUMMARY for NOV. 2014

NAME: DW8463   CITY: Zumbrota STATE: Minnesota
ELEV: 978 ft LAT: 044:18:07 LONG: 0092:40:30

                            TEMPERATURE ( F), RAIN (in.), WIND SPEED (mph)

                                               HEAT     COOL           AVG
      MEAN                                     DEG      DEG            WIND                       DOM
DAY   TEMP    HIGH   TIME     LOW    TIME      DAYS     DAYS    RAIN   SPEED    HIGH    TIME      DIR
----------------------------------------------------------------------------------------------------------------------------------------------------------
12    21.7   023.3   12:30    17.5   22:18     43.2     00.0   00.00   03.6     16.1    13:31     WNW
13    20.4   025.4   12:50    13.0   22:13     44.5     00.0   00.00   04.8     19.6    14:57     WNW
14    13.6   021.6   13:35    02.6   23:56     51.3     00.0   00.00   01.7     12.7    00:11     WNW
15    15.7   023.3   14:37    00.8   02:30     49.2     00.0   00.05   00.9     10.3    23:01      SW
16    14.5   022.4   04:31    08.9   23:01     50.4     00.0   00.01   02.9     18.4    12:11     WSW
17    10.5   014.6   14:47    05.3   07:13     54.5     00.0   00.00   07.0     25.3    19:03     WNW
18    13.5   018.4   00:00    06.9   01:27     51.5     00.0   00.00   04.2     17.3    11:59      W 
19    21.1   024.9   13:21    16.4   00:00     43.9     00.0   00.00   07.0     26.4    13:50     WNW
20    10.7   018.9   13:11   -02.7   23:59     54.3     00.0   00.00   03.8     21.9    13:26     WNW
21    17.0   033.3   00:00   -03.9   02:26     47.9     00.0   00.00   04.4     31.1    19:43      S 
22    36.9   048.4   23:57    33.3   00:02     28.0     00.0   00.00   03.2     19.6    22:36     SSW
23    46.6   051.8   13:09    33.3   23:59     18.3     00.0   00.08   05.2     21.9    23:45     WSW
24    23.5   033.3   00:01    17.6   18:36     41.4     00.0   00.00   10.3     28.8    13:10      NW
25    18.9   025.0   15:38    09.9   07:43     46.1     00.0   00.00   02.7     19.6    00:36     WSW
26    22.9   026.6   13:28    16.7   00:00     42.0     00.0   00.10   03.7     16.1    21:37     NNE
27    05.1   016.6   00:01   -05.1   08:05     59.9     00.0   00.00   02.7     19.6    00:55      NW
28    18.9   025.1   14:11    08.2   00:12     46.0     00.0   00.04   04.3     16.1    10:35      SE
29    29.0   041.5   13:49    21.2   01:25     35.9     00.0   00.00   02.3     17.3    19:38     WSW
30    14.5   027.2   00:05    03.5   23:55     50.4     00.0   00.00   08.1     25.3    09:51      NW
----------------------------------------------------------------------------------------------------------------------------------------------------------
19.7 (19.1)   51.8  day 23    -05.1  day 27   858.7    000.0   00.52   04.4     31.1   day 24     WNW
Max <=  32: 14
Min <=  86: 19
Min <=   0: 3
Max <= 23: 6
Min <=  23: 17
Min <=  14: 12
Min <=   5: 6
Min <=   0: 3
Min <=  -4: 1
Max Rain: 0.10 ON 26-11-14
Days of Rain: 5 (> .008in) 1 (> .08in) 0 (> 0.8in)