NOAA style reports

NOAA-style Climate Reports

Select NOAA data to display

Select a Year or Month report

Report for 2014 May




                            MONTHLY CLIMATOLOGICAL SUMMARY for MAY. 2014

NAME:    CITY:  STATE: 
ELEV:  LAT:  LONG: 

                            TEMPERATURE ( F), RAIN (in.), WIND SPEED (mph)

                                               HEAT     COOL           AVG
      MEAN                                     DEG      DEG            WIND                       DOM
DAY   TEMP    HIGH   TIME     LOW    TIME      DAYS     DAYS    RAIN   SPEED    HIGH    TIME      DIR
----------------------------------------------------------------------------------------------------------------------------------------------------------
02    43.7   048.9   21:00    41.1   00:00     21.2     00.0   00.00   01.1     04.6    22:29     WNW
03    49.4   061.1   15:22    36.6   05:30     15.5     00.0   00.00   05.8     28.8    16:54     WNW
04    48.2   058.4   17:35    34.9   06:26     16.8     00.0   00.00   03.1     16.1    11:44     NNE
05    53.9   063.8   17:30    44.2   23:57     11.0     00.0   00.00   03.3     19.6    12:10     ESE
06    54.9   065.3   15:18    40.5   05:40     10.0     00.0   00.00   06.5     28.8    16:09     ESE
07    56.8   066.6   17:37    46.8   08:16     08.1     00.0   00.11   07.1     23.0    17:36      E 
08    62.7   077.2   13:39    51.5   05:13     02.2     00.0   00.34   04.8     33.4    15:51      SE
09    51.9   064.1   00:02    39.2   00:00     13.0     00.0   00.01   06.1     28.8    11:57      W 
10    52.1   067.7   13:39    33.0   06:10     12.8     00.0   00.04   03.0     18.4    14:56      SE
11    59.9   071.4   17:57    47.2   05:54     05.1     00.0   00.44   02.2     16.1    23:53      E 
12    61.4   074.2   14:28    49.7   00:00     03.6     00.0   00.36   03.4     21.9    22:22      W 
13    48.5   052.8   17:43    40.2   00:00     16.5     00.0   00.00   06.3     26.4    16:35     WNW
14    48.7   060.2   17:22    32.9   06:07     16.2     00.0   00.00   02.7     14.9    13:52     NNW
15    44.9   051.2   15:33    41.0   06:48     20.0     00.0   00.00   06.2     19.6    15:32      N 
16    44.6   053.7   17:26    37.3   06:05     20.4     00.0   00.00   02.5     16.1    17:31      NW
17    50.8   066.5   17:27    32.5   05:54     14.2     00.0   00.00   03.3     23.0    16:59     WNW
18    57.6   072.0   14:38    38.5   02:09     07.3     00.0   00.00   03.2     20.7    18:15      SW
19    54.2   058.4   00:02    51.9   17:35     10.7     00.0   00.46   06.0     25.3    11:22      SE
20    59.1   070.0   18:46    47.5   04:58     05.9     00.0   00.01   00.7     10.3    09:01      NE
21    57.6   066.5   15:10    46.8   00:00     07.3     00.0   00.00   04.9     21.9    14:51      NW
22    55.8   070.3   17:04    39.3   05:58     09.1     00.0   00.00   02.5     18.4    15:07     NNW
23    59.6   075.6   18:21    41.3   05:27     05.3     00.0   00.00   01.0     11.5    12:30     ENE
24    63.8   079.2   17:43    46.6   04:21     01.1     00.0   00.00   02.1     17.3    16:48     SSE
25    66.1   079.5   12:42    46.7   05:52     00.0     01.2   00.00   02.1     20.7    14:41     SSE
26    71.9   084.3   17:10    60.5   04:19     00.0     06.9   00.35   01.1     13.8    20:23      SW
27    67.5   073.5   10:43    64.2   00:00     00.0     02.5   00.19   01.9     16.1    19:16     NNW
28    68.2   078.8   17:04    54.5   00:00     00.0     03.3   00.00   02.4     14.9    15:19     ENE
29    67.4   083.4   16:49    48.2   05:53     00.0     02.5   00.00   02.1     14.9    11:38     ESE
30    72.6   087.0   15:43    56.1   05:32     00.0     07.6   00.00   02.3     17.3    17:15      SE
31    73.8   085.2   14:34    63.9   05:00     00.0     08.9   00.01   03.3     23.0    13:00     SSE
----------------------------------------------------------------------------------------------------------------------------------------------------------
57.6 (57.0)   87.0  day 30     32.5  day 17   253.4    033.0   02.48   03.4     33.4   day 08     ENE
Max >=  86: 1
Min <=  86: 30
Max Rain: 0.46 ON 19-05-14
Days of Rain: 11 (> .008in) 7 (> .08in) 0 (> 0.8in)