V/Λ SELECT: Month and Year
OR > Month
V/Λ2018 >
Jan Feb Mar Apr May Jun Jul Aug Sep Oct Nov Dec
Monthly Climatological Summary for Jan 2018
Name: CurtisZM Weather City: Zumbrota State: Minnesota
Elevation: 978 ft Lat: N 44° 18' 07" Lon: W 092° 40' 30"
Temperature (°F), Rain (in), Wind Speed (mph)
Heat Cool Avg
Mean Deg Deg Wind Dom
Day Temp High Time Low Time Days Days Rain Speed High Time Dir
----------------------------------------------------------------------------------
1 -9.6 -1.9 14:53 -15.7 06:58 74.6 0.0 0.00 2.4 13.0 00:32 WNW
2 2.2 14.5 21:46 -12.4 03:14 62.8 0.0 0.00 3.7 23.0 13:54 WSW
3 1.9 12.7 00:27 -12.5 23:56 63.1 0.0 0.00 4.7 19.0 10:37 NW
4 -5.0 3.6 14:36 -14.8 23:58 70.0 0.0 0.00 0.6 8.0 11:52 N
5 -10.0 1.7 13:07 -18.6 06:27 74.9 0.0 0.00 1.1 10.0 12:02 NNW
6 -2.5 11.9 23:58 -19.4 06:13 67.5 0.0 0.00 3.3 22.0 22:52 SSE
7 21.9 31.1 23:54 11.9 00:00 43.1 0.0 0.00 3.8 24.0 01:31 SSW
8 26.4 36.5 13:22 18.4 21:50 38.6 0.0 0.00 1.7 16.0 00:05 WNW
9 33.2 42.1 12:55 20.0 00:00 31.8 0.0 0.00 4.1 20.0 23:42 SSE
10 34.6 36.3 23:58 31.9 01:52 30.3 0.0 0.00 4.6 26.0 08:24 S
11 14.6 36.6 00:33 3.3 23:56 50.4 0.0 0.06 7.5 24.0 06:20 NW
12 -4.4 3.3 00:00 -13.1 23:45 69.5 0.0 0.00 4.4 20.0 00:57 NNW
13 -10.9 1.9 13:28 -20.5 07:41 75.8 0.0 0.00 0.6 10.0 13:48 WNW
14 3.3 18.5 22:35 -19.8 03:58 61.7 0.0 0.10 2.4 20.0 23:24 S
15 6.2 12.4 00:00 1.7 18:22 58.8 0.0 0.00 8.8 26.0 12:42 NW
16 1.5 8.0 13:20 -6.5 22:21 63.5 0.0 0.00 3.9 17.0 01:33 WNW
17 13.1 24.6 15:21 -6.4 01:40 51.9 0.0 0.00 2.4 18.0 11:59 SW
18 27.7 39.4 13:43 18.1 04:01 37.3 0.0 0.00 1.9 14.0 13:30 SW
19 31.6 40.2 13:20 25.6 03:06 33.3 0.0 0.00 1.2 19.0 13:06 SSW
20 29.1 41.6 15:11 18.4 07:15 35.9 0.0 0.00 0.1 7.0 00:04 W
21 31.4 41.3 12:36 19.9 07:47 33.5 0.0 0.00 1.1 16.0 23:04 NE
22 32.1 37.0 00:09 25.6 23:08 32.9 0.0 0.68 4.2 21.0 02:22 NE
23 18.8 25.8 00:27 9.3 19:03 46.2 0.0 0.01 0.1 8.0 14:37 WNW
24 16.3 25.7 14:38 1.5 04:50 48.7 0.0 0.00 0.4 10.0 22:19 SSW
25 26.1 28.3 18:06 24.1 00:00 38.9 0.0 0.00 2.0 12.0 17:05 ESE
26 37.1 43.1 14:04 26.5 00:00 27.9 0.0 0.00 5.4 31.0 06:12 SSW
27 26.6 35.9 14:20 13.5 23:34 38.4 0.0 0.00 2.9 23.0 01:11 W
28 17.4 21.1 13:39 12.6 21:10 47.4 0.0 0.00 3.5 15.0 14:12 NNW
29 7.0 15.7 00:00 -3.8 23:58 58.0 0.0 0.00 2.4 15.0 13:00 NW
30 12.6 30.8 23:57 -7.4 03:46 52.4 0.0 0.00 4.6 22.0 16:54 SSE
31 27.0 31.5 06:23 13.7 23:58 37.9 0.0 0.03 4.1 31.0 22:31 WNW
----------------------------------------------------------------------------------
14.8 43.1 26 -20.5 13 1557.0 0.0 0.88 3.0 31.0 26 W
Max >= 80.0: 0
Max <= 32.0: 20
Min <= 32.0: 31
Min <= 0.0: 13
Max Rain: 0.68 on day 22
Days of Rain: 5 (>= 0.01 in) 2 (>= 0.10 in) 0 (>= 1.00 in)
Heat Base: 65.0 Cool Base: 65.0 Method: Integration