V/Λ SELECT: Month and Year
OR > Month
Monthly Climatological Summary for May 2016
Name: CurtisZM Weather City: Zumbrota State: Minnesota
Elevation: 978 ft Lat: N 44° 18' 07" Lon: W 092° 40' 30"
Temperature (°F), Rain (in), Wind Speed (mph)
Heat Cool Avg
Mean Deg Deg Wind Dom
Day Temp High Time Low Time Days Days Rain Speed High Time Dir
----------------------------------------------------------------------------------
1 50.7 62.7 16:58 43.1 06:23 14.3 0.0 0.00 3.7 20.0 13:48 NE
2 51.2 65.3 16:53 33.9 06:21 13.8 0.0 0.00 1.0 12.0 16:10 WSW
3 56.0 70.4 16:54 36.6 05:05 10.1 1.1 0.00 4.3 27.0 13:00 WNW
4 53.0 64.7 15:32 38.5 06:14 12.0 0.0 0.00 5.6 26.0 14:32 N
5 52.9 73.9 18:34 32.0 05:35 13.7 1.6 0.00 1.1 14.0 12:34 WSW
6 73.1 89.0 15:33 48.7 00:38 2.8 10.9 0.00 4.3 26.0 11:22 W
7 60.0 72.7 00:00 40.7 23:55 5.8 0.7 0.00 5.7 24.0 00:25 NNW
8 56.2 73.0 15:41 34.6 05:25 11.1 2.3 0.00 1.7 17.0 12:29 NE
9 54.1 64.0 15:58 44.6 01:49 10.9 0.0 0.34 4.0 25.0 11:42 ESE
10 51.9 57.9 15:25 47.8 05:21 13.1 0.0 0.42 3.9 21.0 02:57 E
11 52.6 57.0 16:50 48.4 00:23 12.5 0.0 0.16 1.4 12.0 10:33 ESE
12 52.4 58.0 11:02 46.8 23:55 12.6 0.0 0.00 3.7 23.0 11:36 WNW
13 42.7 47.4 16:40 38.9 05:43 22.4 0.0 0.13 4.2 25.0 17:14 NW
14 41.2 50.8 17:11 33.6 23:59 23.8 0.0 0.00 7.0 24.0 16:08 NW
15 46.4 63.5 17:14 26.9 04:38 18.7 0.0 0.00 2.5 18.0 11:48 WNW
16 57.6 66.5 12:52 45.4 23:22 7.7 0.4 0.00 2.7 15.0 18:40 NNW
17 51.2 63.0 16:55 37.3 06:24 13.8 0.0 0.00 2.8 21.0 11:41 NE
18 52.5 68.2 16:23 33.2 05:59 13.0 0.4 0.00 1.1 12.0 12:00 NNE
19 57.3 72.8 16:47 37.3 05:10 9.8 2.0 0.00 2.2 22.0 10:24 S
20 62.0 75.5 16:14 48.6 23:57 5.9 2.9 0.00 1.7 15.0 11:58 SE
21 61.6 79.0 16:11 41.2 05:53 8.3 4.9 0.00 1.1 11.0 13:19 N
22 65.5 83.5 15:24 42.7 05:30 6.5 7.0 0.00 2.4 21.0 11:57 S
23 69.3 83.5 13:41 57.7 00:06 0.7 5.1 0.00 4.1 32.0 13:59 S
24 71.0 84.7 15:45 59.3 23:55 0.6 6.6 0.02 1.6 19.0 09:52 WSW
25 65.5 75.6 18:31 56.1 02:51 2.2 2.7 0.64 1.1 16.0 14:10 SSE
26 68.2 79.4 16:38 57.2 03:46 1.7 4.9 0.43 1.9 29.0 03:33 WSW
27 64.0 68.4 18:53 59.0 23:16 1.5 0.5 0.27 0.8 10.0 07:38 NNE
28 64.2 75.7 15:38 59.0 00:00 2.3 1.5 0.17 0.9 18.0 15:58 SW
29 66.1 76.7 14:11 56.5 23:59 2.2 3.3 0.02 2.6 21.0 13:17 WNW
30 68.2 82.3 16:16 50.5 05:21 4.0 7.2 0.00 1.3 14.0 16:42 SSE
31 66.1 76.9 13:00 58.0 23:52 1.1 2.2 0.21 1.4 17.0 10:09 S
----------------------------------------------------------------------------------
58.2 89.0 6 26.9 15 278.9 68.2 2.81 2.7 32.0 23 NW
Max >= 80.0: 5
Max <= 32.0: 0
Min <= 32.0: 2
Min <= 0.0: 0
Max Rain: 0.64 on day 25
Days of Rain: 11 (>= 0.01 in) 9 (>= 0.10 in) 0 (>= 1.00 in)
Heat Base: 65.0 Cool Base: 65.0 Method: Integration