V/Λ SELECT: Month and Year
OR > Month
Monthly Climatological Summary for Jan 2016
Name: CurtisZM Weather City: Zumbrota State: Minnesota
Elevation: 978 ft Lat: N 44° 18' 07" Lon: W 092° 40' 30"
Temperature (°F), Rain (in), Wind Speed (mph)
Heat Cool Avg
Mean Deg Deg Wind Dom
Day Temp High Time Low Time Days Days Rain Speed High Time Dir
----------------------------------------------------------------------------------
1 20.8 29.2 14:15 12.6 07:17 44.2 0.0 0.00 3.6 20.0 11:27 W
2 19.6 28.6 14:26 10.1 05:29 45.9 0.0 0.00 3.6 17.0 14:28 W
3 24.6 28.4 13:47 13.4 23:57 40.4 0.0 0.00 5.1 20.0 11:12 NW
4 14.9 22.4 14:22 6.8 08:07 50.2 0.0 0.00 2.0 21.0 23:04 SSW
5 24.2 28.4 14:22 19.6 06:45 40.8 0.0 0.00 5.6 28.0 10:20 S
6 29.1 33.6 12:11 24.1 07:35 35.8 0.0 0.01 2.6 13.0 00:07 SSE
7 32.3 34.4 14:32 30.5 00:56 32.7 0.0 0.06 1.5 11.0 00:08 SE
8 32.1 33.9 14:09 26.1 23:54 32.9 0.0 0.10 3.4 18.0 19:17 NW
9 9.0 26.1 00:00 -5.3 23:57 56.2 0.0 0.00 7.8 20.0 03:12 NW
10 -7.9 -1.3 13:15 -17.0 23:58 72.9 0.0 0.00 3.2 16.0 11:02 WNW
11 -3.0 9.6 21:14 -18.5 02:33 68.0 0.0 0.00 1.9 23.0 22:04 WNW
12 -2.9 3.6 00:00 -9.8 22:48 67.9 0.0 0.00 5.1 20.0 01:35 WNW
13 7.2 20.4 15:00 -12.2 03:36 58.0 0.0 0.00 0.8 12.0 12:52 SW
14 21.2 29.2 15:28 12.3 00:00 43.8 0.0 0.00 2.5 12.0 14:15 E
15 21.4 24.4 11:52 13.0 23:50 43.7 0.0 0.00 7.5 22.0 11:30 NW
16 1.6 13.0 00:00 -9.0 23:54 63.6 0.0 0.00 6.9 23.0 12:21 WNW
17 -9.8 -3.6 14:25 -15.0 07:53 74.8 0.0 0.00 4.7 18.0 10:53 WNW
18 -9.0 1.0 14:23 -17.1 06:49 74.0 0.0 0.00 2.1 16.0 10:58 WNW
19 -2.2 8.2 23:57 -14.7 06:48 67.3 0.0 0.00 1.2 10.0 22:58 SSE
20 15.7 19.9 14:15 8.2 00:00 49.3 0.0 0.00 1.8 10.0 10:14 S
21 21.6 24.3 15:06 19.6 23:59 43.6 0.0 0.00 1.4 11.0 18:45 N
22 20.4 23.1 14:34 18.5 07:49 44.6 0.0 0.00 2.5 12.0 11:56 N
23 21.0 23.0 23:53 19.0 05:13 44.0 0.0 0.00 4.6 23.0 09:30 SSW
24 27.3 30.1 14:41 23.0 00:00 37.7 0.0 0.00 2.3 13.0 22:13 SSE
25 27.0 29.4 23:22 25.9 07:18 38.1 0.0 0.01 3.3 19.0 23:38 N
26 24.7 28.3 00:00 21.1 23:59 40.3 0.0 0.00 5.5 24.0 02:05 WNW
27 24.5 38.0 20:51 3.7 04:38 40.5 0.0 0.00 3.7 23.0 12:25 SW
28 29.4 36.6 00:16 10.0 23:59 35.6 0.0 0.00 6.2 24.0 07:03 NW
29 23.1 32.0 21:01 6.9 02:26 41.8 0.0 0.00 4.2 26.0 11:20 SSE
30 34.4 44.1 11:50 24.6 07:23 30.6 0.0 0.00 1.2 11.0 13:19 SW
31 34.3 40.6 13:04 27.9 23:59 30.7 0.0 0.00 1.9 14.0 15:19 WNW
----------------------------------------------------------------------------------
17.0 44.1 30 -18.5 11 1489.9 0.0 0.18 3.6 28.0 5 WNW
Max >= 80.0: 0
Max <= 32.0: 24
Min <= 32.0: 31
Min <= 0.0: 9
Max Rain: 0.10 on day 8
Days of Rain: 4 (>= 0.01 in) 1 (>= 0.10 in) 0 (>= 1.00 in)
Heat Base: 65.0 Cool Base: 65.0 Method: Integration